{"id":1261,"date":"2018-05-03T16:51:45","date_gmt":"2018-05-03T14:51:45","guid":{"rendered":"http:\/\/adearlimousin.com\/?page_id=1261"},"modified":"2025-09-15T11:07:25","modified_gmt":"2025-09-15T09:07:25","slug":"accompagnement-individuel","status":"publish","type":"page","link":"https:\/\/adearlimousin.com\/index.php\/installation-agriculture-limousin\/accompagnement-individuel\/","title":{"rendered":"Accompagnement individuel \/ DNJA \/ Pr\u00eat d&rsquo;honneur"},"content":{"rendered":"<h3><span style=\"color: #4066aa;\"><strong>D<\/strong><strong>iagnostics et \u00e9tudes \u00e9conomiques pr\u00e9-installation : <\/strong><strong>des outils pour vous aider \u00e0 construire votre projet\u00a0!<\/strong><\/span><\/h3>\n<p>L\u2019Adear Limousin est labellis\u00e9e par la R\u00e9gion Nouvelle-Aquitaine pour r\u00e9aliser des accompagnements individualis\u00e9s pr\u00e9 et post installation. Trois dispositifs sont mobilisables :<\/p>\n<ul>\n<li>le <span style=\"color: #ff9900;\"><strong>diagnostic pr\u00e9-installation<\/strong><\/span> pour formuler et d\u00e9finir pr\u00e9cis\u00e9ment votre projet,<\/li>\n<li>l\u2019<span style=\"color: #ff9900;\"><strong>\u00e9tude \u00e9conomique pr\u00e9-installation<\/strong><\/span> pour chiffrer votre projet en vue de demander <strong>la<\/strong> <strong><span style=\"color: #008080;\"><span style=\"color: #4066aa;\">DNJA<\/span> <\/span>ou le <span style=\"color: #4066aa;\">Pr\u00eat d\u2019Honneur<\/span>,<\/strong><\/li>\n<li>le <span style=\"color: #ff9900;\"><strong>suivi technico-\u00e9conomique post-installation<\/strong><\/span> pour faire le point sur les r\u00e9alisations \/ objectifs.<\/li>\n<li>l&rsquo;<span style=\"color: #ff9900;\"><strong>accompagnement c\u00e9dant-repreneur<\/strong><\/span> pour aborder les modalit\u00e9s de reprise d&rsquo;une ferme, lors d&rsquo;un rendez-vous avec le c\u00e9dant (prestation enti\u00e8rement subventionn\u00e9e par la R\u00e9gion).<\/li>\n<\/ul>\n<p>Diagnostics et \u00e9tudes \u00e9conomiques sont des prestations prises en charge \u00e0 80 % par la R\u00e9gion, le reste \u00e9tant \u00e0 la charge du candidat \u00e0 l\u2019installation.<br \/>Dans la continuit\u00e9 de ses prestations, l&rsquo;Adear peut vous aider \u00e0 aller au bout de la d\u00e9marche d&rsquo;installation, en vous accompagnant pour <strong>votre dossier de demande de DJA.<\/strong><\/p>\n<p><span style=\"color: #008080;\"><strong><span style=\"color: #4066aa;\">Gr\u00e2ce \u00e0 ces outils l\u2019Adear Limousin peut vous accompagner jusqu&rsquo;\u00e0 l&rsquo;installation !<\/span> <\/strong><\/span><\/p>\n<p>Nos garanties :<\/p>\n<ul>\n<li>\u00e9coute et respect de vos projets<\/li>\n<li>respect de vos d\u00e9cisions et de vos choix<\/li>\n<\/ul>\n<p><strong>Vous restez autonome et ma\u00eetre dans la construction de votre projet.<\/strong><\/p>\n<p><span style=\"color: #4066aa;\"><strong>Contactez-nous pour fixer un rendez-vous ou avoir plus d&rsquo;informations.<\/strong><\/span><br \/><strong> Par t\u00e9l\u00e9phone : 05 87 50 41 03<br \/>Par mail : manonk [a] adearlimousin.com &amp; mchauprade [a] adearlimousin.com<br \/><\/strong><\/p>\n<pre>\u00a0<\/pre>\n\n\n<figure class=\"wp-block-image size-large is-resized\"><img loading=\"lazy\" decoding=\"async\" width=\"724\" height=\"1024\" src=\"https:\/\/adearlimousin.com\/wp-content\/uploads\/2025\/09\/parcours-a-linstallation-724x1024.png\" alt=\"\" class=\"wp-image-8414\" style=\"width:822px;height:auto\" srcset=\"https:\/\/adearlimousin.com\/wp-content\/uploads\/2025\/09\/parcours-a-linstallation-724x1024.png 724w, https:\/\/adearlimousin.com\/wp-content\/uploads\/2025\/09\/parcours-a-linstallation-212x300.png 212w, https:\/\/adearlimousin.com\/wp-content\/uploads\/2025\/09\/parcours-a-linstallation-768x1086.png 768w, https:\/\/adearlimousin.com\/wp-content\/uploads\/2025\/09\/parcours-a-linstallation-1086x1536.png 1086w, https:\/\/adearlimousin.com\/wp-content\/uploads\/2025\/09\/parcours-a-linstallation-269x380.png 269w, https:\/\/adearlimousin.com\/wp-content\/uploads\/2025\/09\/parcours-a-linstallation.png 1414w\" sizes=\"auto, (max-width: 724px) 100vw, 724px\" \/><\/figure>\n\n\n\n<p><\/p>\n","protected":false},"excerpt":{"rendered":"<p>Diagnostics et \u00e9tudes \u00e9conomiques pr\u00e9-installation : des outils pour vous aider \u00e0 construire votre projet\u00a0! L\u2019Adear Limousin est labellis\u00e9e par la R\u00e9gion Nouvelle-Aquitaine pour r\u00e9aliser des accompagnements individualis\u00e9s pr\u00e9 et &hellip; <a href=\"https:\/\/adearlimousin.com\/index.php\/installation-agriculture-limousin\/accompagnement-individuel\/\" class=\"more-link\">Lire la suite <span class=\"screen-reader-text\">Accompagnement individuel \/ DNJA \/ Pr\u00eat d&rsquo;honneur<\/span><\/a><\/p>\n","protected":false},"author":1,"featured_media":0,"parent":19,"menu_order":1,"comment_status":"closed","ping_status":"closed","template":"","meta":{"_uag_custom_page_level_css":"","_EventAllDay":false,"_EventTimezone":"","_EventStartDate":"","_EventEndDate":"","_EventStartDateUTC":"","_EventEndDateUTC":"","_EventShowMap":false,"_EventShowMapLink":false,"_EventURL":"","_EventCost":"","_EventCostDescription":"","_EventCurrencySymbol":"","_EventCurrencyCode":"","_EventCurrencyPosition":"","_EventDateTimeSeparator":"","_EventTimeRangeSeparator":"","_EventOrganizerID":[],"_EventVenueID":[],"_OrganizerEmail":"","_OrganizerPhone":"","_OrganizerWebsite":"","_VenueAddress":"","_VenueCity":"","_VenueCountry":"","_VenueProvince":"","_VenueState":"","_VenueZip":"","_VenuePhone":"","_VenueURL":"","_VenueStateProvince":"","_VenueLat":"","_VenueLng":"","_VenueShowMap":false,"_VenueShowMapLink":false,"footnotes":""},"class_list":["post-1261","page","type-page","status-publish","hentry","without-featured-image"],"yoast_head":"<!-- This site is optimized with the Yoast SEO plugin v27.1.1 - https:\/\/yoast.com\/product\/yoast-seo-wordpress\/ -->\n<title>Accompagnement individuel \/ DNJA \/ Pr\u00eat d&#039;honneur - ADEAR Limousin<\/title>\n<meta name=\"description\" content=\"Nos dispositifs pour l&#039;accompagnement individuel des personnes ayant un projet agricole. Labellis\u00e9 par la R\u00e9gion Nouvelle-Aquitaine\" \/>\n<meta name=\"robots\" content=\"index, follow, max-snippet:-1, max-image-preview:large, max-video-preview:-1\" \/>\n<link rel=\"canonical\" href=\"https:\/\/adearlimousin.com\/index.php\/installation-agriculture-limousin\/accompagnement-individuel\/\" \/>\n<meta property=\"og:locale\" content=\"fr_FR\" \/>\n<meta property=\"og:type\" content=\"article\" \/>\n<meta property=\"og:title\" content=\"Accompagnement individuel \/ DNJA \/ Pr\u00eat d&#039;honneur - ADEAR Limousin\" \/>\n<meta property=\"og:description\" content=\"Nos dispositifs pour l&#039;accompagnement individuel des personnes ayant un projet agricole. Labellis\u00e9 par la R\u00e9gion Nouvelle-Aquitaine\" \/>\n<meta property=\"og:url\" content=\"https:\/\/adearlimousin.com\/index.php\/installation-agriculture-limousin\/accompagnement-individuel\/\" \/>\n<meta property=\"og:site_name\" content=\"ADEAR Limousin\" \/>\n<meta property=\"article:publisher\" content=\"https:\/\/www.facebook.com\/adearlimousin\" \/>\n<meta property=\"article:modified_time\" content=\"2025-09-15T09:07:25+00:00\" \/>\n<meta property=\"og:image\" content=\"https:\/\/adearlimousin.com\/wp-content\/uploads\/2025\/09\/parcours-a-linstallation.png\" \/>\n\t<meta property=\"og:image:width\" content=\"1414\" \/>\n\t<meta property=\"og:image:height\" content=\"2000\" \/>\n\t<meta property=\"og:image:type\" content=\"image\/png\" \/>\n<meta name=\"twitter:card\" content=\"summary_large_image\" \/>\n<meta name=\"twitter:label1\" content=\"Dur\u00e9e de lecture estim\u00e9e\" \/>\n\t<meta name=\"twitter:data1\" content=\"2 minutes\" \/>\n<script type=\"application\/ld+json\" class=\"yoast-schema-graph\">{\"@context\":\"https:\/\/schema.org\",\"@graph\":[{\"@type\":\"WebPage\",\"@id\":\"https:\/\/adearlimousin.com\/index.php\/installation-agriculture-limousin\/accompagnement-individuel\/\",\"url\":\"https:\/\/adearlimousin.com\/index.php\/installation-agriculture-limousin\/accompagnement-individuel\/\",\"name\":\"Accompagnement individuel \/ DNJA \/ Pr\u00eat d'honneur - ADEAR Limousin\",\"isPartOf\":{\"@id\":\"https:\/\/adearlimousin.com\/#website\"},\"primaryImageOfPage\":{\"@id\":\"https:\/\/adearlimousin.com\/index.php\/installation-agriculture-limousin\/accompagnement-individuel\/#primaryimage\"},\"image\":{\"@id\":\"https:\/\/adearlimousin.com\/index.php\/installation-agriculture-limousin\/accompagnement-individuel\/#primaryimage\"},\"thumbnailUrl\":\"https:\/\/adearlimousin.com\/wp-content\/uploads\/2025\/09\/parcours-a-linstallation-724x1024.png\",\"datePublished\":\"2018-05-03T14:51:45+00:00\",\"dateModified\":\"2025-09-15T09:07:25+00:00\",\"description\":\"Nos dispositifs pour l'accompagnement individuel des personnes ayant un projet agricole. Labellis\u00e9 par la R\u00e9gion Nouvelle-Aquitaine\",\"breadcrumb\":{\"@id\":\"https:\/\/adearlimousin.com\/index.php\/installation-agriculture-limousin\/accompagnement-individuel\/#breadcrumb\"},\"inLanguage\":\"fr-FR\",\"potentialAction\":[{\"@type\":\"ReadAction\",\"target\":[\"https:\/\/adearlimousin.com\/index.php\/installation-agriculture-limousin\/accompagnement-individuel\/\"]}]},{\"@type\":\"ImageObject\",\"inLanguage\":\"fr-FR\",\"@id\":\"https:\/\/adearlimousin.com\/index.php\/installation-agriculture-limousin\/accompagnement-individuel\/#primaryimage\",\"url\":\"https:\/\/adearlimousin.com\/wp-content\/uploads\/2025\/09\/parcours-a-linstallation.png\",\"contentUrl\":\"https:\/\/adearlimousin.com\/wp-content\/uploads\/2025\/09\/parcours-a-linstallation.png\",\"width\":1414,\"height\":2000},{\"@type\":\"BreadcrumbList\",\"@id\":\"https:\/\/adearlimousin.com\/index.php\/installation-agriculture-limousin\/accompagnement-individuel\/#breadcrumb\",\"itemListElement\":[{\"@type\":\"ListItem\",\"position\":1,\"name\":\"Accueil\",\"item\":\"https:\/\/adearlimousin.com\/\"},{\"@type\":\"ListItem\",\"position\":2,\"name\":\"S&rsquo;installer paysan\u00b7ne\",\"item\":\"https:\/\/adearlimousin.com\/index.php\/installation-agriculture-limousin\/\"},{\"@type\":\"ListItem\",\"position\":3,\"name\":\"Accompagnement individuel \/ DNJA \/ Pr\u00eat d&rsquo;honneur\"}]},{\"@type\":\"WebSite\",\"@id\":\"https:\/\/adearlimousin.com\/#website\",\"url\":\"https:\/\/adearlimousin.com\/\",\"name\":\"ADEAR Limousin\",\"description\":\"\u00catre paysan\u00b7ne en Limousin\",\"publisher\":{\"@id\":\"https:\/\/adearlimousin.com\/#organization\"},\"potentialAction\":[{\"@type\":\"SearchAction\",\"target\":{\"@type\":\"EntryPoint\",\"urlTemplate\":\"https:\/\/adearlimousin.com\/?s={search_term_string}\"},\"query-input\":{\"@type\":\"PropertyValueSpecification\",\"valueRequired\":true,\"valueName\":\"search_term_string\"}}],\"inLanguage\":\"fr-FR\"},{\"@type\":\"Organization\",\"@id\":\"https:\/\/adearlimousin.com\/#organization\",\"name\":\"Adear Limousin\",\"url\":\"https:\/\/adearlimousin.com\/\",\"logo\":{\"@type\":\"ImageObject\",\"inLanguage\":\"fr-FR\",\"@id\":\"https:\/\/adearlimousin.com\/#\/schema\/logo\/image\/\",\"url\":\"https:\/\/adearlimousin.com\/wp-content\/uploads\/2017\/04\/ADEARLimousin-RAP_V14cm.jpg\",\"contentUrl\":\"https:\/\/adearlimousin.com\/wp-content\/uploads\/2017\/04\/ADEARLimousin-RAP_V14cm.jpg\",\"width\":142,\"height\":118,\"caption\":\"Adear Limousin\"},\"image\":{\"@id\":\"https:\/\/adearlimousin.com\/#\/schema\/logo\/image\/\"},\"sameAs\":[\"https:\/\/www.facebook.com\/adearlimousin\"]}]}<\/script>\n<!-- \/ Yoast SEO plugin. -->","yoast_head_json":{"title":"Accompagnement individuel \/ DNJA \/ Pr\u00eat d'honneur - ADEAR Limousin","description":"Nos dispositifs pour l'accompagnement individuel des personnes ayant un projet agricole. Labellis\u00e9 par la R\u00e9gion Nouvelle-Aquitaine","robots":{"index":"index","follow":"follow","max-snippet":"max-snippet:-1","max-image-preview":"max-image-preview:large","max-video-preview":"max-video-preview:-1"},"canonical":"https:\/\/adearlimousin.com\/index.php\/installation-agriculture-limousin\/accompagnement-individuel\/","og_locale":"fr_FR","og_type":"article","og_title":"Accompagnement individuel \/ DNJA \/ Pr\u00eat d'honneur - ADEAR Limousin","og_description":"Nos dispositifs pour l'accompagnement individuel des personnes ayant un projet agricole. Labellis\u00e9 par la R\u00e9gion Nouvelle-Aquitaine","og_url":"https:\/\/adearlimousin.com\/index.php\/installation-agriculture-limousin\/accompagnement-individuel\/","og_site_name":"ADEAR Limousin","article_publisher":"https:\/\/www.facebook.com\/adearlimousin","article_modified_time":"2025-09-15T09:07:25+00:00","og_image":[{"width":1414,"height":2000,"url":"https:\/\/adearlimousin.com\/wp-content\/uploads\/2025\/09\/parcours-a-linstallation.png","type":"image\/png"}],"twitter_card":"summary_large_image","twitter_misc":{"Dur\u00e9e de lecture estim\u00e9e":"2 minutes"},"schema":{"@context":"https:\/\/schema.org","@graph":[{"@type":"WebPage","@id":"https:\/\/adearlimousin.com\/index.php\/installation-agriculture-limousin\/accompagnement-individuel\/","url":"https:\/\/adearlimousin.com\/index.php\/installation-agriculture-limousin\/accompagnement-individuel\/","name":"Accompagnement individuel \/ DNJA \/ Pr\u00eat d'honneur - ADEAR Limousin","isPartOf":{"@id":"https:\/\/adearlimousin.com\/#website"},"primaryImageOfPage":{"@id":"https:\/\/adearlimousin.com\/index.php\/installation-agriculture-limousin\/accompagnement-individuel\/#primaryimage"},"image":{"@id":"https:\/\/adearlimousin.com\/index.php\/installation-agriculture-limousin\/accompagnement-individuel\/#primaryimage"},"thumbnailUrl":"https:\/\/adearlimousin.com\/wp-content\/uploads\/2025\/09\/parcours-a-linstallation-724x1024.png","datePublished":"2018-05-03T14:51:45+00:00","dateModified":"2025-09-15T09:07:25+00:00","description":"Nos dispositifs pour l'accompagnement individuel des personnes ayant un projet agricole. Labellis\u00e9 par la R\u00e9gion Nouvelle-Aquitaine","breadcrumb":{"@id":"https:\/\/adearlimousin.com\/index.php\/installation-agriculture-limousin\/accompagnement-individuel\/#breadcrumb"},"inLanguage":"fr-FR","potentialAction":[{"@type":"ReadAction","target":["https:\/\/adearlimousin.com\/index.php\/installation-agriculture-limousin\/accompagnement-individuel\/"]}]},{"@type":"ImageObject","inLanguage":"fr-FR","@id":"https:\/\/adearlimousin.com\/index.php\/installation-agriculture-limousin\/accompagnement-individuel\/#primaryimage","url":"https:\/\/adearlimousin.com\/wp-content\/uploads\/2025\/09\/parcours-a-linstallation.png","contentUrl":"https:\/\/adearlimousin.com\/wp-content\/uploads\/2025\/09\/parcours-a-linstallation.png","width":1414,"height":2000},{"@type":"BreadcrumbList","@id":"https:\/\/adearlimousin.com\/index.php\/installation-agriculture-limousin\/accompagnement-individuel\/#breadcrumb","itemListElement":[{"@type":"ListItem","position":1,"name":"Accueil","item":"https:\/\/adearlimousin.com\/"},{"@type":"ListItem","position":2,"name":"S&rsquo;installer paysan\u00b7ne","item":"https:\/\/adearlimousin.com\/index.php\/installation-agriculture-limousin\/"},{"@type":"ListItem","position":3,"name":"Accompagnement individuel \/ DNJA \/ Pr\u00eat d&rsquo;honneur"}]},{"@type":"WebSite","@id":"https:\/\/adearlimousin.com\/#website","url":"https:\/\/adearlimousin.com\/","name":"ADEAR Limousin","description":"\u00catre paysan\u00b7ne en Limousin","publisher":{"@id":"https:\/\/adearlimousin.com\/#organization"},"potentialAction":[{"@type":"SearchAction","target":{"@type":"EntryPoint","urlTemplate":"https:\/\/adearlimousin.com\/?s={search_term_string}"},"query-input":{"@type":"PropertyValueSpecification","valueRequired":true,"valueName":"search_term_string"}}],"inLanguage":"fr-FR"},{"@type":"Organization","@id":"https:\/\/adearlimousin.com\/#organization","name":"Adear Limousin","url":"https:\/\/adearlimousin.com\/","logo":{"@type":"ImageObject","inLanguage":"fr-FR","@id":"https:\/\/adearlimousin.com\/#\/schema\/logo\/image\/","url":"https:\/\/adearlimousin.com\/wp-content\/uploads\/2017\/04\/ADEARLimousin-RAP_V14cm.jpg","contentUrl":"https:\/\/adearlimousin.com\/wp-content\/uploads\/2017\/04\/ADEARLimousin-RAP_V14cm.jpg","width":142,"height":118,"caption":"Adear Limousin"},"image":{"@id":"https:\/\/adearlimousin.com\/#\/schema\/logo\/image\/"},"sameAs":["https:\/\/www.facebook.com\/adearlimousin"]}]}},"uagb_featured_image_src":{"full":false,"thumbnail":false,"medium":false,"medium_large":false,"large":false,"1536x1536":false,"2048x2048":false,"post-thumbnail":false,"sela-hero-thumbnail":false,"sela-page-thumbnail":false,"sela-grid-thumbnail":false,"sela-testimonial-thumbnail":false,"sela-logo":false},"uagb_author_info":{"display_name":"Adearlim","author_link":"https:\/\/adearlimousin.com\/index.php\/author\/admin3869\/"},"uagb_comment_info":0,"uagb_excerpt":"Diagnostics et \u00e9tudes \u00e9conomiques pr\u00e9-installation : des outils pour vous aider \u00e0 construire votre projet\u00a0! L\u2019Adear Limousin est labellis\u00e9e par la R\u00e9gion Nouvelle-Aquitaine pour r\u00e9aliser des accompagnements individualis\u00e9s pr\u00e9 et &hellip; Lire la suite Accompagnement individuel \/ DNJA \/ Pr\u00eat d&rsquo;honneur","jetpack_sharing_enabled":false,"jetpack_shortlink":"https:\/\/wp.me\/P8DPFj-kl","jetpack_likes_enabled":false,"_links":{"self":[{"href":"https:\/\/adearlimousin.com\/index.php\/wp-json\/wp\/v2\/pages\/1261","targetHints":{"allow":["GET"]}}],"collection":[{"href":"https:\/\/adearlimousin.com\/index.php\/wp-json\/wp\/v2\/pages"}],"about":[{"href":"https:\/\/adearlimousin.com\/index.php\/wp-json\/wp\/v2\/types\/page"}],"author":[{"embeddable":true,"href":"https:\/\/adearlimousin.com\/index.php\/wp-json\/wp\/v2\/users\/1"}],"replies":[{"embeddable":true,"href":"https:\/\/adearlimousin.com\/index.php\/wp-json\/wp\/v2\/comments?post=1261"}],"version-history":[{"count":32,"href":"https:\/\/adearlimousin.com\/index.php\/wp-json\/wp\/v2\/pages\/1261\/revisions"}],"predecessor-version":[{"id":8415,"href":"https:\/\/adearlimousin.com\/index.php\/wp-json\/wp\/v2\/pages\/1261\/revisions\/8415"}],"up":[{"embeddable":true,"href":"https:\/\/adearlimousin.com\/index.php\/wp-json\/wp\/v2\/pages\/19"}],"wp:attachment":[{"href":"https:\/\/adearlimousin.com\/index.php\/wp-json\/wp\/v2\/media?parent=1261"}],"curies":[{"name":"wp","href":"https:\/\/api.w.org\/{rel}","templated":true}]}}