{"id":21,"date":"2016-09-28T10:43:48","date_gmt":"2016-09-28T08:43:48","guid":{"rendered":"https:\/\/ardearlimousin.wordpress.com\/?page_id=21"},"modified":"2025-05-28T12:00:50","modified_gmt":"2025-05-28T10:00:50","slug":"transmission","status":"publish","type":"page","link":"https:\/\/adearlimousin.com\/index.php\/transmission\/","title":{"rendered":"Transmission"},"content":{"rendered":"<p><img loading=\"lazy\" decoding=\"async\" class=\"wp-image-1323 alignleft\" src=\"http:\/\/adearlimousin.com\/wp-content\/uploads\/2018\/05\/transmission.png\" alt=\"\" width=\"167\" height=\"154\" srcset=\"https:\/\/adearlimousin.com\/wp-content\/uploads\/2018\/05\/transmission.png 680w, https:\/\/adearlimousin.com\/wp-content\/uploads\/2018\/05\/transmission-300x275.png 300w, https:\/\/adearlimousin.com\/wp-content\/uploads\/2018\/05\/transmission-600x551.png 600w, https:\/\/adearlimousin.com\/wp-content\/uploads\/2018\/05\/transmission-414x380.png 414w\" sizes=\"auto, (max-width: 167px) 100vw, 167px\" \/><\/p>\n<p>L\u2019Adear travaille sur <span style=\"color: #3366ff;\"><strong>l\u2019accompagnement \u00e0 la transmission<\/strong><\/span>, via des temps d\u2019\u00e9change, des diagnostics transmission, des formations, des actions sur le foncier et la mise en lien c\u00e9dant-repreneur.<\/p>\n<p><em>Contactez nous pour en savoir plus<\/em> : manonk@adearlimousin.com<\/p>\n<ul>\n<li>Des <strong>temps d\u2019\u00e9change et caf\u00e9s d\u00e9bats<\/strong> organis\u00e9s chaque ann\u00e9e avec les partenaires : l\u2019occasion d\u2019\u00e9changer sur son projet, ses envies et ses craintes.<\/li>\n<li>Des <strong>diagnostics <\/strong><strong>transmission individuel.<\/strong><\/li>\n<li>L&rsquo;aide \u00e0 la r\u00e9flexion et la <strong>diffusion de petites annonces.<\/strong><\/li>\n<\/ul>\n<ul>\n<li>l&rsquo;<strong>accompagnement c\u00e9dant-repreneur<\/strong> pour aborder les modalit\u00e9s de reprise d&rsquo;une ferme, lors d&rsquo;un rendez-vous avec le c\u00e9dant.<\/li>\n<li>Un programme de <strong>formations<\/strong> adapt\u00e9 \u00e0 la demande.<\/li>\n<li>Des actions sur le foncier.<\/li>\n<\/ul>\n<p>et la <strong>mise en lien c\u00e9da<\/strong><strong>nt-repreneur<\/strong> via les petites annonces et le r\u00e9seau.<\/p>\n<p><span style=\"color: #3366ff;\"><strong><em>Contactez nous pour en savoir plus ou pour prendre rendez-vous au 05 87 50 41 03<\/em><\/strong><\/span><\/p>\n\n\n<div class=\"wp-block-uagb-image uagb-block-d7b992c1 wp-block-uagb-image--layout-default wp-block-uagb-image--effect-static wp-block-uagb-image--align-none\"><figure class=\"wp-block-uagb-image__figure\"><img decoding=\"async\" srcset=\"https:\/\/adearlimousin.com\/wp-content\/uploads\/2025\/05\/DOCcomV4_Transmission_page-0001-1-1024x725.jpg ,https:\/\/adearlimousin.com\/wp-content\/uploads\/2025\/05\/DOCcomV4_Transmission_page-0001-1.jpg 780w, https:\/\/adearlimousin.com\/wp-content\/uploads\/2025\/05\/DOCcomV4_Transmission_page-0001-1.jpg 360w\" sizes=\"auto, (max-width: 480px) 150px\" src=\"https:\/\/adearlimousin.com\/wp-content\/uploads\/2025\/05\/DOCcomV4_Transmission_page-0001-1-1024x725.jpg\" alt=\"\" class=\"uag-image-8236\" width=\"658\" height=\"465\" title=\"DOCcomV4_Transmission_page-0001\" loading=\"lazy\" role=\"img\"\/><\/figure><\/div>\n\n\n\n<div data-wp-interactive=\"core\/file\" class=\"wp-block-file\"><object data-wp-bind--hidden=\"!state.hasPdfPreview\" hidden class=\"wp-block-file__embed\" data=\"https:\/\/adearlimousin.com\/wp-content\/uploads\/2025\/05\/rapport_AITA_FINAL_WEB.pdf\" type=\"application\/pdf\" style=\"width:100%;height:600px\" aria-label=\"Contenu embarqu\u00e9 rapport_AITA_FINAL_WEB.\"><\/object><a id=\"wp-block-file--media-6f755aae-1de2-42ce-81db-1755512eeb32\" href=\"https:\/\/adearlimousin.com\/wp-content\/uploads\/2025\/05\/rapport_AITA_FINAL_WEB.pdf\">rapport_AITA_FINAL_WEB<\/a><a href=\"https:\/\/adearlimousin.com\/wp-content\/uploads\/2025\/05\/rapport_AITA_FINAL_WEB.pdf\" class=\"wp-block-file__button wp-element-button\" download aria-describedby=\"wp-block-file--media-6f755aae-1de2-42ce-81db-1755512eeb32\">T\u00e9l\u00e9charger<\/a><\/div>\n","protected":false},"excerpt":{"rendered":"<p>L\u2019Adear travaille sur l\u2019accompagnement \u00e0 la transmission, via des temps d\u2019\u00e9change, des diagnostics transmission, des formations, des actions sur le foncier et la mise en lien c\u00e9dant-repreneur. Contactez nous pour &hellip; <a href=\"https:\/\/adearlimousin.com\/index.php\/transmission\/\" class=\"more-link\">Lire la suite <span class=\"screen-reader-text\">Transmission<\/span><\/a><\/p>\n","protected":false},"author":1,"featured_media":0,"parent":0,"menu_order":0,"comment_status":"closed","ping_status":"closed","template":"","meta":{"_uag_custom_page_level_css":"","_EventAllDay":false,"_EventTimezone":"","_EventStartDate":"","_EventEndDate":"","_EventStartDateUTC":"","_EventEndDateUTC":"","_EventShowMap":false,"_EventShowMapLink":false,"_EventURL":"","_EventCost":"","_EventCostDescription":"","_EventCurrencySymbol":"","_EventCurrencyCode":"","_EventCurrencyPosition":"","_EventDateTimeSeparator":"","_EventTimeRangeSeparator":"","_EventOrganizerID":[],"_EventVenueID":[],"_OrganizerEmail":"","_OrganizerPhone":"","_OrganizerWebsite":"","_VenueAddress":"","_VenueCity":"","_VenueCountry":"","_VenueProvince":"","_VenueState":"","_VenueZip":"","_VenuePhone":"","_VenueURL":"","_VenueStateProvince":"","_VenueLat":"","_VenueLng":"","_VenueShowMap":false,"_VenueShowMapLink":false,"footnotes":""},"class_list":["post-21","page","type-page","status-publish","hentry","without-featured-image"],"yoast_head":"<!-- This site is optimized with the Yoast SEO plugin v27.1.1 - https:\/\/yoast.com\/product\/yoast-seo-wordpress\/ -->\n<title>Transmission - ADEAR Limousin<\/title>\n<meta name=\"robots\" content=\"index, follow, max-snippet:-1, max-image-preview:large, max-video-preview:-1\" \/>\n<link rel=\"canonical\" href=\"https:\/\/adearlimousin.com\/index.php\/transmission\/\" \/>\n<meta property=\"og:locale\" content=\"fr_FR\" \/>\n<meta property=\"og:type\" content=\"article\" \/>\n<meta property=\"og:title\" content=\"Transmission - ADEAR Limousin\" \/>\n<meta property=\"og:description\" content=\"L\u2019Adear travaille sur l\u2019accompagnement \u00e0 la transmission, via des temps d\u2019\u00e9change, des diagnostics transmission, des formations, des actions sur le foncier et la mise en lien c\u00e9dant-repreneur. Contactez nous pour &hellip; Lire la suite Transmission\" \/>\n<meta property=\"og:url\" content=\"https:\/\/adearlimousin.com\/index.php\/transmission\/\" \/>\n<meta property=\"og:site_name\" content=\"ADEAR Limousin\" \/>\n<meta property=\"article:publisher\" content=\"https:\/\/www.facebook.com\/adearlimousin\" \/>\n<meta property=\"article:modified_time\" content=\"2025-05-28T10:00:50+00:00\" \/>\n<meta property=\"og:image\" content=\"https:\/\/adearlimousin.com\/wp-content\/uploads\/2018\/05\/transmission.png\" \/>\n\t<meta property=\"og:image:width\" content=\"680\" \/>\n\t<meta property=\"og:image:height\" content=\"624\" \/>\n\t<meta property=\"og:image:type\" content=\"image\/png\" \/>\n<meta name=\"twitter:card\" content=\"summary_large_image\" \/>\n<meta name=\"twitter:label1\" content=\"Dur\u00e9e de lecture estim\u00e9e\" \/>\n\t<meta name=\"twitter:data1\" content=\"2 minutes\" \/>\n<script type=\"application\/ld+json\" class=\"yoast-schema-graph\">{\"@context\":\"https:\/\/schema.org\",\"@graph\":[{\"@type\":\"WebPage\",\"@id\":\"https:\/\/adearlimousin.com\/index.php\/transmission\/\",\"url\":\"https:\/\/adearlimousin.com\/index.php\/transmission\/\",\"name\":\"Transmission - ADEAR Limousin\",\"isPartOf\":{\"@id\":\"https:\/\/adearlimousin.com\/#website\"},\"primaryImageOfPage\":{\"@id\":\"https:\/\/adearlimousin.com\/index.php\/transmission\/#primaryimage\"},\"image\":{\"@id\":\"https:\/\/adearlimousin.com\/index.php\/transmission\/#primaryimage\"},\"thumbnailUrl\":\"http:\/\/adearlimousin.com\/wp-content\/uploads\/2018\/05\/transmission.png\",\"datePublished\":\"2016-09-28T08:43:48+00:00\",\"dateModified\":\"2025-05-28T10:00:50+00:00\",\"breadcrumb\":{\"@id\":\"https:\/\/adearlimousin.com\/index.php\/transmission\/#breadcrumb\"},\"inLanguage\":\"fr-FR\",\"potentialAction\":[{\"@type\":\"ReadAction\",\"target\":[\"https:\/\/adearlimousin.com\/index.php\/transmission\/\"]}]},{\"@type\":\"ImageObject\",\"inLanguage\":\"fr-FR\",\"@id\":\"https:\/\/adearlimousin.com\/index.php\/transmission\/#primaryimage\",\"url\":\"https:\/\/adearlimousin.com\/wp-content\/uploads\/2018\/05\/transmission.png\",\"contentUrl\":\"https:\/\/adearlimousin.com\/wp-content\/uploads\/2018\/05\/transmission.png\",\"width\":680,\"height\":624},{\"@type\":\"BreadcrumbList\",\"@id\":\"https:\/\/adearlimousin.com\/index.php\/transmission\/#breadcrumb\",\"itemListElement\":[{\"@type\":\"ListItem\",\"position\":1,\"name\":\"Accueil\",\"item\":\"https:\/\/adearlimousin.com\/\"},{\"@type\":\"ListItem\",\"position\":2,\"name\":\"Transmission\"}]},{\"@type\":\"WebSite\",\"@id\":\"https:\/\/adearlimousin.com\/#website\",\"url\":\"https:\/\/adearlimousin.com\/\",\"name\":\"ADEAR Limousin\",\"description\":\"\u00catre paysan\u00b7ne en Limousin\",\"publisher\":{\"@id\":\"https:\/\/adearlimousin.com\/#organization\"},\"potentialAction\":[{\"@type\":\"SearchAction\",\"target\":{\"@type\":\"EntryPoint\",\"urlTemplate\":\"https:\/\/adearlimousin.com\/?s={search_term_string}\"},\"query-input\":{\"@type\":\"PropertyValueSpecification\",\"valueRequired\":true,\"valueName\":\"search_term_string\"}}],\"inLanguage\":\"fr-FR\"},{\"@type\":\"Organization\",\"@id\":\"https:\/\/adearlimousin.com\/#organization\",\"name\":\"Adear Limousin\",\"url\":\"https:\/\/adearlimousin.com\/\",\"logo\":{\"@type\":\"ImageObject\",\"inLanguage\":\"fr-FR\",\"@id\":\"https:\/\/adearlimousin.com\/#\/schema\/logo\/image\/\",\"url\":\"https:\/\/adearlimousin.com\/wp-content\/uploads\/2017\/04\/ADEARLimousin-RAP_V14cm.jpg\",\"contentUrl\":\"https:\/\/adearlimousin.com\/wp-content\/uploads\/2017\/04\/ADEARLimousin-RAP_V14cm.jpg\",\"width\":142,\"height\":118,\"caption\":\"Adear Limousin\"},\"image\":{\"@id\":\"https:\/\/adearlimousin.com\/#\/schema\/logo\/image\/\"},\"sameAs\":[\"https:\/\/www.facebook.com\/adearlimousin\"]}]}<\/script>\n<!-- \/ Yoast SEO plugin. -->","yoast_head_json":{"title":"Transmission - ADEAR Limousin","robots":{"index":"index","follow":"follow","max-snippet":"max-snippet:-1","max-image-preview":"max-image-preview:large","max-video-preview":"max-video-preview:-1"},"canonical":"https:\/\/adearlimousin.com\/index.php\/transmission\/","og_locale":"fr_FR","og_type":"article","og_title":"Transmission - ADEAR Limousin","og_description":"L\u2019Adear travaille sur l\u2019accompagnement \u00e0 la transmission, via des temps d\u2019\u00e9change, des diagnostics transmission, des formations, des actions sur le foncier et la mise en lien c\u00e9dant-repreneur. Contactez nous pour &hellip; Lire la suite Transmission","og_url":"https:\/\/adearlimousin.com\/index.php\/transmission\/","og_site_name":"ADEAR Limousin","article_publisher":"https:\/\/www.facebook.com\/adearlimousin","article_modified_time":"2025-05-28T10:00:50+00:00","og_image":[{"width":680,"height":624,"url":"https:\/\/adearlimousin.com\/wp-content\/uploads\/2018\/05\/transmission.png","type":"image\/png"}],"twitter_card":"summary_large_image","twitter_misc":{"Dur\u00e9e de lecture estim\u00e9e":"2 minutes"},"schema":{"@context":"https:\/\/schema.org","@graph":[{"@type":"WebPage","@id":"https:\/\/adearlimousin.com\/index.php\/transmission\/","url":"https:\/\/adearlimousin.com\/index.php\/transmission\/","name":"Transmission - ADEAR Limousin","isPartOf":{"@id":"https:\/\/adearlimousin.com\/#website"},"primaryImageOfPage":{"@id":"https:\/\/adearlimousin.com\/index.php\/transmission\/#primaryimage"},"image":{"@id":"https:\/\/adearlimousin.com\/index.php\/transmission\/#primaryimage"},"thumbnailUrl":"http:\/\/adearlimousin.com\/wp-content\/uploads\/2018\/05\/transmission.png","datePublished":"2016-09-28T08:43:48+00:00","dateModified":"2025-05-28T10:00:50+00:00","breadcrumb":{"@id":"https:\/\/adearlimousin.com\/index.php\/transmission\/#breadcrumb"},"inLanguage":"fr-FR","potentialAction":[{"@type":"ReadAction","target":["https:\/\/adearlimousin.com\/index.php\/transmission\/"]}]},{"@type":"ImageObject","inLanguage":"fr-FR","@id":"https:\/\/adearlimousin.com\/index.php\/transmission\/#primaryimage","url":"https:\/\/adearlimousin.com\/wp-content\/uploads\/2018\/05\/transmission.png","contentUrl":"https:\/\/adearlimousin.com\/wp-content\/uploads\/2018\/05\/transmission.png","width":680,"height":624},{"@type":"BreadcrumbList","@id":"https:\/\/adearlimousin.com\/index.php\/transmission\/#breadcrumb","itemListElement":[{"@type":"ListItem","position":1,"name":"Accueil","item":"https:\/\/adearlimousin.com\/"},{"@type":"ListItem","position":2,"name":"Transmission"}]},{"@type":"WebSite","@id":"https:\/\/adearlimousin.com\/#website","url":"https:\/\/adearlimousin.com\/","name":"ADEAR Limousin","description":"\u00catre paysan\u00b7ne en Limousin","publisher":{"@id":"https:\/\/adearlimousin.com\/#organization"},"potentialAction":[{"@type":"SearchAction","target":{"@type":"EntryPoint","urlTemplate":"https:\/\/adearlimousin.com\/?s={search_term_string}"},"query-input":{"@type":"PropertyValueSpecification","valueRequired":true,"valueName":"search_term_string"}}],"inLanguage":"fr-FR"},{"@type":"Organization","@id":"https:\/\/adearlimousin.com\/#organization","name":"Adear Limousin","url":"https:\/\/adearlimousin.com\/","logo":{"@type":"ImageObject","inLanguage":"fr-FR","@id":"https:\/\/adearlimousin.com\/#\/schema\/logo\/image\/","url":"https:\/\/adearlimousin.com\/wp-content\/uploads\/2017\/04\/ADEARLimousin-RAP_V14cm.jpg","contentUrl":"https:\/\/adearlimousin.com\/wp-content\/uploads\/2017\/04\/ADEARLimousin-RAP_V14cm.jpg","width":142,"height":118,"caption":"Adear Limousin"},"image":{"@id":"https:\/\/adearlimousin.com\/#\/schema\/logo\/image\/"},"sameAs":["https:\/\/www.facebook.com\/adearlimousin"]}]}},"uagb_featured_image_src":{"full":false,"thumbnail":false,"medium":false,"medium_large":false,"large":false,"1536x1536":false,"2048x2048":false,"post-thumbnail":false,"sela-hero-thumbnail":false,"sela-page-thumbnail":false,"sela-grid-thumbnail":false,"sela-testimonial-thumbnail":false,"sela-logo":false},"uagb_author_info":{"display_name":"Adearlim","author_link":"https:\/\/adearlimousin.com\/index.php\/author\/admin3869\/"},"uagb_comment_info":0,"uagb_excerpt":"L\u2019Adear travaille sur l\u2019accompagnement \u00e0 la transmission, via des temps d\u2019\u00e9change, des diagnostics transmission, des formations, des actions sur le foncier et la mise en lien c\u00e9dant-repreneur. Contactez nous pour &hellip; Lire la suite Transmission","jetpack_sharing_enabled":true,"jetpack_shortlink":"https:\/\/wp.me\/P8DPFj-l","jetpack_likes_enabled":false,"_links":{"self":[{"href":"https:\/\/adearlimousin.com\/index.php\/wp-json\/wp\/v2\/pages\/21","targetHints":{"allow":["GET"]}}],"collection":[{"href":"https:\/\/adearlimousin.com\/index.php\/wp-json\/wp\/v2\/pages"}],"about":[{"href":"https:\/\/adearlimousin.com\/index.php\/wp-json\/wp\/v2\/types\/page"}],"author":[{"embeddable":true,"href":"https:\/\/adearlimousin.com\/index.php\/wp-json\/wp\/v2\/users\/1"}],"replies":[{"embeddable":true,"href":"https:\/\/adearlimousin.com\/index.php\/wp-json\/wp\/v2\/comments?post=21"}],"version-history":[{"count":32,"href":"https:\/\/adearlimousin.com\/index.php\/wp-json\/wp\/v2\/pages\/21\/revisions"}],"predecessor-version":[{"id":8239,"href":"https:\/\/adearlimousin.com\/index.php\/wp-json\/wp\/v2\/pages\/21\/revisions\/8239"}],"wp:attachment":[{"href":"https:\/\/adearlimousin.com\/index.php\/wp-json\/wp\/v2\/media?parent=21"}],"curies":[{"name":"wp","href":"https:\/\/api.w.org\/{rel}","templated":true}]}}