{"id":3716,"date":"2020-03-27T15:30:08","date_gmt":"2020-03-27T14:30:08","guid":{"rendered":"https:\/\/adearlimousin.com\/?page_id=3716"},"modified":"2024-02-28T16:17:05","modified_gmt":"2024-02-28T15:17:05","slug":"ou-vendre-vos-produits-ou-acheter","status":"publish","type":"page","link":"https:\/\/adearlimousin.com\/index.php\/ou-vendre-vos-produits-ou-acheter\/","title":{"rendered":"O\u00f9 vendre vos produits ? O\u00f9 acheter aux producteurs ?"},"content":{"rendered":"<figure class=\"wp-block-image aligncenter is-resized\"><img loading=\"lazy\" decoding=\"async\" width=\"1024\" height=\"549\" class=\"wp-image-3962\" style=\"width: 241px; height: 128px;\" src=\"https:\/\/adearlimousin.com\/wp-content\/uploads\/2017\/04\/z1TOyk3w-1024x549.png\" alt=\"\" srcset=\"https:\/\/adearlimousin.com\/wp-content\/uploads\/2017\/04\/z1TOyk3w-1024x549.png 1024w, https:\/\/adearlimousin.com\/wp-content\/uploads\/2017\/04\/z1TOyk3w-300x161.png 300w, https:\/\/adearlimousin.com\/wp-content\/uploads\/2017\/04\/z1TOyk3w-768x412.png 768w, https:\/\/adearlimousin.com\/wp-content\/uploads\/2017\/04\/z1TOyk3w-600x322.png 600w, https:\/\/adearlimousin.com\/wp-content\/uploads\/2017\/04\/z1TOyk3w-709x380.png 709w\" sizes=\"auto, (max-width: 1024px) 100vw, 1024px\" \/><\/figure>\n\n\n<h2 class=\"wp-block-heading\"><span style=\"text-decoration: underline;\"><\/span><\/h2>\n\n\n\n<p>Le march\u00e9 est en constante \u00e9volution et nous tenons \u00e0 rendre accessible le plus possible les points de ventes du territoire sur lequel nous menons nos actions. De ce fait, les listes ne sont pas toujours exhaustives.<br><br>Vous connaissez un lieu qui vend des produits locaux et souhaitez le faire conna\u00eetre ? n&rsquo;h\u00e9sitez pas \u00e0 nous contacter et \u00e0 nous donner toutes les informations utiles \u00e0 l&rsquo;adresse contact[@]adearlimousin.com<\/p>\n\n\n\n<h4 class=\"wp-block-heading\"><strong>Les march\u00e9s<\/strong> :<\/h4>\n\n\n\n<ul class=\"wp-block-list\">\n<li> Les <a href=\"https:\/\/www.google.com\/maps\/d\/u\/0\/viewer?mid=1NPP14fTnHOUjpZsiqOcyiBOTUvjMxYpS&amp;ll=45.48848181812153%2C2.0113907907524435&amp;z=9\">march\u00e9s ouverts du Limousin<\/a> <\/li>\n<\/ul>\n\n\n\n<h4 class=\"wp-block-heading\"><strong>Les magasins de producteurs<\/strong> <strong> ! <\/strong><\/h4>\n\n\n\n<ul class=\"wp-block-list\">\n<li><span style=\"text-decoration: underline;\">Limoges <\/span>: <a aria-label=\" (s\u2019ouvre dans un nouvel onglet)\" href=\"https:\/\/www.facebook.com\/saveurs.fermieres.5\/\" target=\"_blank\" rel=\"noreferrer noopener\">Saveurs Fermi\u00e8res<\/a>, <a aria-label=\" (s\u2019ouvre dans un nouvel onglet)\" href=\"https:\/\/www.facebook.com\/Au-brin-de-campagne-571320909612769\/\" target=\"_blank\" rel=\"noreferrer noopener\">Brin de campagne<\/a>, <a aria-label=\" (s\u2019ouvre dans un nouvel onglet)\" href=\"https:\/\/www.facebook.com\/lapetiteferme87\/\" target=\"_blank\" rel=\"noreferrer noopener\">La petite Ferme<\/a>, <a href=\"https:\/\/www.facebook.com\/equipedurelaisfermier\/\" target=\"_blank\" rel=\"noreferrer noopener\">Le relais fermiers<\/a>, <a href=\"https:\/\/www.facebook.com\/lafermeducoin87\/\" target=\"_blank\" rel=\"noreferrer noopener\">La Ferme du Coin<\/a>,  <\/li>\n\n\n\n<li> <span style=\"text-decoration: underline;\">St Junien <\/span>: Aux 4 saisons <\/li>\n\n\n\n<li><span style=\"text-decoration: underline;\">La souterraine <\/span>: <a aria-label=\" (s\u2019ouvre dans un nouvel onglet)\" href=\"https:\/\/www.facebook.com\/Le.Panier.du.Coin\/\" target=\"_blank\" rel=\"noreferrer noopener\">Le Panier du Coin <\/a><\/li>\n\n\n\n<li><u>Gouzon :<\/u> <a aria-label=\" (s\u2019ouvre dans un nouvel onglet)\" href=\"https:\/\/www.facebook.com\/auprecreusois\/\" target=\"_blank\" rel=\"noreferrer noopener\">Au Pr\u00e9 Creusois<\/a><\/li>\n\n\n\n<li><u>Gu\u00e9ret :<\/u> <a aria-label=\" (s\u2019ouvre dans un nouvel onglet)\" href=\"https:\/\/www.google.fr\/maps\/place\/La+_+Coop+des+Champs\/@46.1728426,1.8669888,15z\/data=!4m2!3m1!1s0x0:0x700a34e3b656f5ab?sa=X&amp;ved=2ahUKEwiTyvP-scLoAhWHlhQKHXIADKAQ_BIwCnoECBkQCA\" target=\"_blank\" rel=\"noreferrer noopener\">La Coop des Champs<\/a><\/li>\n\n\n\n<li><span style=\"text-decoration: underline;\">Brive <\/span>:  <a aria-label=\" (s\u2019ouvre dans un nouvel onglet)\" href=\"https:\/\/www.facebook.com\/lepredacote\/\" target=\"_blank\" rel=\"noreferrer noopener\">Le pr\u00e9 d&rsquo;\u00e0 c\u00f4t\u00e9<\/a><\/li>\n<\/ul>\n\n\n\n<h4 class=\"wp-block-heading\"><strong>Autres points de vente de produits locaux : <\/strong><\/h4>\n\n\n\n<p><a aria-label=\"Tableau recensant les \u00e9piceries en Limousin (s\u2019ouvre dans un nouvel onglet)\" href=\"https:\/\/docs.google.com\/spreadsheets\/d\/1_78_FUqBRCFwjwyz5e-Ims11oIckY8FeiWuBkvE5FRs\/edit?usp=sharing\" target=\"_blank\" rel=\"noreferrer noopener\">Tableau recensant les \u00e9piceries en Limousin<\/a> (associatives ou non)<\/p>\n\n\n\n<h4 class=\"wp-block-heading\"><strong>Rendre accessible les produits locaux : quelques initiatives <\/strong><\/h4>\n\n\n\n<h5 class=\"wp-block-heading\"><span style=\"text-decoration: underline;\"><strong>Haute-vienne <\/strong><\/span><strong>: <\/strong><\/h5>\n\n\n\n<ul class=\"wp-block-list\">\n<li><a href=\"https:\/\/docs.google.com\/spreadsheets\/d\/1gLlg-xbQys61OCVL59Yfax_vpltlQMhJo4f-z7bGl6g\/edit?usp=sharing\" target=\"_blank\" rel=\"noreferrer noopener\">Les AMAP, Groupements producteurs\/consommateurs, Ruches, drives et \u00e9piceries avec produits locaux<\/a><em> (liste \u00e0 compl\u00e9ter)<\/em><\/li>\n\n\n\n<li>Une <a aria-label=\"carte des producteurs bio r\u00e9alis\u00e9e par Agrobio (s\u2019ouvre dans un nouvel onglet)\" href=\"https:\/\/agrobioperigord.gogocarto.fr\/annuaire#\/carte\/Remi-MARIVIN@45.89,1.35,10z?cat=all\" target=\"_blank\" rel=\"noreferrer noopener\">carte des producteurs bio r\u00e9alis\u00e9e par Agrobio<\/a><br>Depuis le confinement, tout producteur bio, adh\u00e9rent ou non \u00e0 Agrobio, peut y \u00eatre r\u00e9f\u00e9renc\u00e9.<\/li>\n\n\n\n<li>La Chambre d&rsquo;agriculture 87 a cr\u00e9\u00e9 une <a rel=\"noreferrer noopener\" href=\"https:\/\/www.google.com\/maps\/d\/u\/0\/viewer?mid=192rqji6wnwv1KlOvQ8rdDy0eDU7U2B9A&amp;ll=45.87789188025953%2C1.6601374528665929&amp;z=9&amp;fbclid=IwAR2yT3kA1iXCpqXeHUKjbq_oqDuEhm2SPPchQf2Qv-k_r4Tx5sfpXc0AAcY\" target=\"_blank\">google map des producteurs<\/a><\/li>\n<\/ul>\n\n\n\n<h5 class=\"wp-block-heading\"><span style=\"text-decoration: underline;\"><strong>Creuse <\/strong><\/span><strong>:<\/strong> <\/h5>\n\n\n\n<ul class=\"wp-block-list\">\n<li><a rel=\"noreferrer noopener\" href=\"https:\/\/docs.google.com\/spreadsheets\/d\/1gLlg-xbQys61OCVL59Yfax_vpltlQMhJo4f-z7bGl6g\/edit?usp=sharing\" target=\"_blank\">Les AMAP, Groupements producteurs\/consommateurs, Ruches, \u00e9piceries et Drives<\/a><em> (liste \u00e0 compl\u00e9ter)<\/em><\/li>\n\n\n\n<li><a href=\"https:\/\/fr.calameo.com\/read\/005715589ccf6883691e4\" target=\"_blank\" rel=\"noreferrer noopener\">Le guide existant des producteurs bio en Creuse<\/a> &#8211; 2018-2019<\/li>\n<\/ul>\n\n\n\n<h5 class=\"wp-block-heading\"><span style=\"text-decoration: underline;\"><strong>Corr\u00e8ze<\/strong><\/span><strong> <\/strong>:<\/h5>\n\n\n\n<ul class=\"wp-block-list\">\n<li><a rel=\"noreferrer noopener\" href=\"https:\/\/docs.google.com\/spreadsheets\/d\/1gLlg-xbQys61OCVL59Yfax_vpltlQMhJo4f-z7bGl6g\/edit?usp=sharing\" target=\"_blank\">Les AMAP, Groupements producteurs\/consommateurs, Ruches, drives et \u00e9piceries avec produits locaux<\/a><em>, (liste \u00e0 compl\u00e9ter)<\/em> <\/li>\n\n\n\n<li>Une <a aria-label=\"carte des producteurs bio r\u00e9alis\u00e9e par Agrobio (s\u2019ouvre dans un nouvel onglet)\" href=\"https:\/\/agrobioperigord.gogocarto.fr\/annuaire#\/carte\/Remi-MARIVIN@45.89,1.35,10z?cat=all\" target=\"_blank\" rel=\"noreferrer noopener\">carte des producteurs bio r\u00e9alis\u00e9e par Agrobio<\/a><br>Depuis le confinement,  tout producteur bio, adh\u00e9rent ou non \u00e0 Agrobio, peut y \u00eatre r\u00e9f\u00e9renc\u00e9.<\/li>\n\n\n\n<li>Le r\u00e9seau <a href=\"https:\/\/correze.chambre-agriculture.fr\/fileadmin\/user_upload\/Nouvelle-Aquitaine\/095_Inst-Correze\/Documents\/02_Filieres_et_innovation\/Carte_producteurs_BAF_2020_VF_web.pdf?fbclid=IwAR3WHOl8-maD5rfI-AwdMGmkZ8VfGW5YaLw8DOMZ25THe8p635JaJC6XQ4M\" target=\"_blank\" rel=\"noreferrer noopener\">\u00ab\u00a0Bienvenue \u00e0 la Ferme\u00a0\u00bb en Corr\u00e8ze<\/a> &#8211; \u00e9dition 2020<\/li>\n<\/ul>\n\n\n\n<h5 class=\"wp-block-heading\"><span style=\"text-decoration: underline;\"><strong>Nouvelle-Aquitaine<\/strong><\/span><strong> <\/strong>: <\/h5>\n\n\n\n<ul class=\"wp-block-list\">\n<li>La <a aria-label=\" (s\u2019ouvre dans un nouvel onglet)\" href=\"https:\/\/plateforme.produits-locaux-nouvelle-aquitaine.fr\/\" target=\"_blank\" rel=\"noreferrer noopener\">plateforme \u00ab\u00a0produits locaux\u00a0\u00bb<\/a> cr\u00e9\u00e9e par la R\u00e9gion.<\/li>\n\n\n\n<li>Une <a href=\"https:\/\/circuitscourtsnouvelleaquitaine.gogocarto.fr\/\" target=\"_blank\" rel=\"noreferrer noopener\">carte des points de vente en circuits courts en R\u00e9gion<\/a> d\u00e9velopp\u00e9e par l&rsquo;AFIPAR et le Civam<\/li>\n<\/ul>\n\n\n\n<h4 class=\"wp-block-heading\"><strong>Initiatives en France : <\/strong><\/h4>\n\n\n\n<ul class=\"wp-block-list\">\n<li>De <strong>nouveaux groupes se montent en Limousin<\/strong> au travers de la plateforme <a href=\"https:\/\/www.cagette.net\/\" target=\"_blank\" rel=\"noreferrer noopener\"><strong>cagette.net<\/strong><\/a> : allez-voir pr\u00e8s de chez vous sur leur carte !<\/li>\n\n\n\n<li>Une carte du <a aria-label=\"r\u00e9seau WWOOF France des producteurs  (s\u2019ouvre dans un nouvel onglet)\" href=\"https:\/\/asso.wwoof.fr\/2020\/03\/26\/trouver-la-ferme-wwoof-en-vente-directe-a-cote-de-chez-soi\/?fbclid=IwAR2pRgfbf_yE_MRHGIaVb2h8qiOynCtvyISHwGzj2VjgiP_cX36sH9hjENg\" target=\"_blank\" rel=\"noreferrer noopener\">r\u00e9seau WWOOF France des producteurs <\/a>en vente directe<\/li>\n\n\n\n<li>Une <a href=\"https:\/\/circuitscourts.gogocarto.fr\/annuaire#\/carte\/@44.64,1.10,6z?cat=all\" target=\"_blank\" rel=\"noreferrer noopener\">carte des points de vente en circuits courts pour la France enti\u00e8re <\/a>d\u00e9velopp\u00e9e par le Civam<\/li>\n\n\n\n<li>Une <a aria-label=\"carte collaborative des initiatives en France (s\u2019ouvre dans un nouvel onglet)\" href=\"https:\/\/www.google.com\/maps\/d\/u\/0\/viewer?mid=1Rd5Tu0dbRoM1elal_Rj6o1DkDG5ghkPn&amp;ll=45.855621535740276%2C1.5395022164791498&amp;z=9\" target=\"_blank\" rel=\"noreferrer noopener\">carte collaborative des initiatives en France<\/a> initi\u00e9e par des journalistes <\/li>\n\n\n\n<li>Le <a aria-label=\" (s\u2019ouvre dans un nouvel onglet)\" href=\"https:\/\/www.bienvenue-a-la-ferme.com\/nouvelle-aquitaine\/\" target=\"_blank\" rel=\"noreferrer noopener\">site Bienvenue \u00e0 la Ferme <\/a>qui recense des producteurs partout en France<\/li>\n\n\n\n<li>Une carte des producteurs <a href=\"http:\/\/bonplanbio.fr\" target=\"_blank\" rel=\"noreferrer noopener\">d\u00e9velopp\u00e9e par le r\u00e9seau Bio <\/a>(pas en Nouvelle Aquitaine pour l&rsquo;instant)<\/li>\n<\/ul>\n\n\n<p><!--EndFragment--><\/p>","protected":false},"excerpt":{"rendered":"<p>Le march\u00e9 est en constante \u00e9volution et nous tenons \u00e0 rendre accessible le plus possible les points de ventes du territoire sur lequel nous menons nos actions. De ce fait, &hellip; <a href=\"https:\/\/adearlimousin.com\/index.php\/ou-vendre-vos-produits-ou-acheter\/\" class=\"more-link\">Lire la suite <span class=\"screen-reader-text\">O\u00f9 vendre vos produits ? O\u00f9 acheter aux producteurs ?<\/span><\/a><\/p>\n","protected":false},"author":1,"featured_media":0,"parent":0,"menu_order":0,"comment_status":"closed","ping_status":"closed","template":"","meta":{"_uag_custom_page_level_css":"","_EventAllDay":false,"_EventTimezone":"","_EventStartDate":"","_EventEndDate":"","_EventStartDateUTC":"","_EventEndDateUTC":"","_EventShowMap":false,"_EventShowMapLink":false,"_EventURL":"","_EventCost":"","_EventCostDescription":"","_EventCurrencySymbol":"","_EventCurrencyCode":"","_EventCurrencyPosition":"","_EventDateTimeSeparator":"","_EventTimeRangeSeparator":"","_EventOrganizerID":[],"_EventVenueID":[],"_OrganizerEmail":"","_OrganizerPhone":"","_OrganizerWebsite":"","_VenueAddress":"","_VenueCity":"","_VenueCountry":"","_VenueProvince":"","_VenueState":"","_VenueZip":"","_VenuePhone":"","_VenueURL":"","_VenueStateProvince":"","_VenueLat":"","_VenueLng":"","_VenueShowMap":false,"_VenueShowMapLink":false,"footnotes":""},"class_list":["post-3716","page","type-page","status-publish","hentry","without-featured-image"],"yoast_head":"<!-- This site is optimized with the Yoast SEO plugin v27.1.1 - https:\/\/yoast.com\/product\/yoast-seo-wordpress\/ -->\n<title>O\u00f9 vendre vos produits ? O\u00f9 acheter aux producteurs ? - ADEAR Limousin<\/title>\n<meta name=\"description\" content=\"Je cherche \u00e0 vendre mes produits ou \u00e0 acheter des produits locaux en Limousin ou Nouvelle Aquitaine ? Cette page est faites pour vous !\" \/>\n<meta name=\"robots\" content=\"index, follow, max-snippet:-1, max-image-preview:large, max-video-preview:-1\" \/>\n<link rel=\"canonical\" href=\"https:\/\/adearlimousin.com\/index.php\/ou-vendre-vos-produits-ou-acheter\/\" \/>\n<meta property=\"og:locale\" content=\"fr_FR\" \/>\n<meta property=\"og:type\" content=\"article\" \/>\n<meta property=\"og:title\" content=\"O\u00f9 vendre vos produits ? O\u00f9 acheter aux producteurs ? - ADEAR Limousin\" \/>\n<meta property=\"og:description\" content=\"Je cherche \u00e0 vendre mes produits ou \u00e0 acheter des produits locaux en Limousin ou Nouvelle Aquitaine ? Cette page est faites pour vous !\" \/>\n<meta property=\"og:url\" content=\"https:\/\/adearlimousin.com\/index.php\/ou-vendre-vos-produits-ou-acheter\/\" \/>\n<meta property=\"og:site_name\" content=\"ADEAR Limousin\" \/>\n<meta property=\"article:publisher\" content=\"https:\/\/www.facebook.com\/adearlimousin\" \/>\n<meta property=\"article:modified_time\" content=\"2024-02-28T15:17:05+00:00\" \/>\n<meta property=\"og:image\" content=\"https:\/\/adearlimousin.com\/wp-content\/uploads\/2023\/07\/cropped-fleur-lisse-contour.png\" \/>\n\t<meta property=\"og:image:width\" content=\"512\" \/>\n\t<meta property=\"og:image:height\" content=\"512\" \/>\n\t<meta property=\"og:image:type\" content=\"image\/png\" \/>\n<meta name=\"twitter:card\" content=\"summary_large_image\" \/>\n<meta name=\"twitter:image\" content=\"https:\/\/adearlimousin.com\/wp-content\/uploads\/2023\/07\/cropped-fleur-lisse-contour.png\" \/>\n<meta name=\"twitter:label1\" content=\"Dur\u00e9e de lecture estim\u00e9e\" \/>\n\t<meta name=\"twitter:data1\" content=\"3 minutes\" \/>\n<script type=\"application\/ld+json\" class=\"yoast-schema-graph\">{\"@context\":\"https:\/\/schema.org\",\"@graph\":[{\"@type\":\"WebPage\",\"@id\":\"https:\/\/adearlimousin.com\/index.php\/ou-vendre-vos-produits-ou-acheter\/\",\"url\":\"https:\/\/adearlimousin.com\/index.php\/ou-vendre-vos-produits-ou-acheter\/\",\"name\":\"O\u00f9 vendre vos produits ? O\u00f9 acheter aux producteurs ? - ADEAR Limousin\",\"isPartOf\":{\"@id\":\"https:\/\/adearlimousin.com\/#website\"},\"primaryImageOfPage\":{\"@id\":\"https:\/\/adearlimousin.com\/index.php\/ou-vendre-vos-produits-ou-acheter\/#primaryimage\"},\"image\":{\"@id\":\"https:\/\/adearlimousin.com\/index.php\/ou-vendre-vos-produits-ou-acheter\/#primaryimage\"},\"thumbnailUrl\":\"https:\/\/adearlimousin.com\/wp-content\/uploads\/2017\/04\/z1TOyk3w-1024x549.png\",\"datePublished\":\"2020-03-27T14:30:08+00:00\",\"dateModified\":\"2024-02-28T15:17:05+00:00\",\"description\":\"Je cherche \u00e0 vendre mes produits ou \u00e0 acheter des produits locaux en Limousin ou Nouvelle Aquitaine ? Cette page est faites pour vous !\",\"breadcrumb\":{\"@id\":\"https:\/\/adearlimousin.com\/index.php\/ou-vendre-vos-produits-ou-acheter\/#breadcrumb\"},\"inLanguage\":\"fr-FR\",\"potentialAction\":[{\"@type\":\"ReadAction\",\"target\":[\"https:\/\/adearlimousin.com\/index.php\/ou-vendre-vos-produits-ou-acheter\/\"]}]},{\"@type\":\"ImageObject\",\"inLanguage\":\"fr-FR\",\"@id\":\"https:\/\/adearlimousin.com\/index.php\/ou-vendre-vos-produits-ou-acheter\/#primaryimage\",\"url\":\"https:\/\/adearlimousin.com\/wp-content\/uploads\/2017\/04\/z1TOyk3w.png\",\"contentUrl\":\"https:\/\/adearlimousin.com\/wp-content\/uploads\/2017\/04\/z1TOyk3w.png\",\"width\":3071,\"height\":1646},{\"@type\":\"BreadcrumbList\",\"@id\":\"https:\/\/adearlimousin.com\/index.php\/ou-vendre-vos-produits-ou-acheter\/#breadcrumb\",\"itemListElement\":[{\"@type\":\"ListItem\",\"position\":1,\"name\":\"Accueil\",\"item\":\"https:\/\/adearlimousin.com\/\"},{\"@type\":\"ListItem\",\"position\":2,\"name\":\"O\u00f9 vendre vos produits ? O\u00f9 acheter aux producteurs ?\"}]},{\"@type\":\"WebSite\",\"@id\":\"https:\/\/adearlimousin.com\/#website\",\"url\":\"https:\/\/adearlimousin.com\/\",\"name\":\"ADEAR Limousin\",\"description\":\"\u00catre paysan\u00b7ne en Limousin\",\"publisher\":{\"@id\":\"https:\/\/adearlimousin.com\/#organization\"},\"potentialAction\":[{\"@type\":\"SearchAction\",\"target\":{\"@type\":\"EntryPoint\",\"urlTemplate\":\"https:\/\/adearlimousin.com\/?s={search_term_string}\"},\"query-input\":{\"@type\":\"PropertyValueSpecification\",\"valueRequired\":true,\"valueName\":\"search_term_string\"}}],\"inLanguage\":\"fr-FR\"},{\"@type\":\"Organization\",\"@id\":\"https:\/\/adearlimousin.com\/#organization\",\"name\":\"Adear Limousin\",\"url\":\"https:\/\/adearlimousin.com\/\",\"logo\":{\"@type\":\"ImageObject\",\"inLanguage\":\"fr-FR\",\"@id\":\"https:\/\/adearlimousin.com\/#\/schema\/logo\/image\/\",\"url\":\"https:\/\/adearlimousin.com\/wp-content\/uploads\/2017\/04\/ADEARLimousin-RAP_V14cm.jpg\",\"contentUrl\":\"https:\/\/adearlimousin.com\/wp-content\/uploads\/2017\/04\/ADEARLimousin-RAP_V14cm.jpg\",\"width\":142,\"height\":118,\"caption\":\"Adear Limousin\"},\"image\":{\"@id\":\"https:\/\/adearlimousin.com\/#\/schema\/logo\/image\/\"},\"sameAs\":[\"https:\/\/www.facebook.com\/adearlimousin\"]}]}<\/script>\n<!-- \/ Yoast SEO plugin. -->","yoast_head_json":{"title":"O\u00f9 vendre vos produits ? O\u00f9 acheter aux producteurs ? - ADEAR Limousin","description":"Je cherche \u00e0 vendre mes produits ou \u00e0 acheter des produits locaux en Limousin ou Nouvelle Aquitaine ? Cette page est faites pour vous !","robots":{"index":"index","follow":"follow","max-snippet":"max-snippet:-1","max-image-preview":"max-image-preview:large","max-video-preview":"max-video-preview:-1"},"canonical":"https:\/\/adearlimousin.com\/index.php\/ou-vendre-vos-produits-ou-acheter\/","og_locale":"fr_FR","og_type":"article","og_title":"O\u00f9 vendre vos produits ? O\u00f9 acheter aux producteurs ? - ADEAR Limousin","og_description":"Je cherche \u00e0 vendre mes produits ou \u00e0 acheter des produits locaux en Limousin ou Nouvelle Aquitaine ? Cette page est faites pour vous !","og_url":"https:\/\/adearlimousin.com\/index.php\/ou-vendre-vos-produits-ou-acheter\/","og_site_name":"ADEAR Limousin","article_publisher":"https:\/\/www.facebook.com\/adearlimousin","article_modified_time":"2024-02-28T15:17:05+00:00","og_image":[{"width":512,"height":512,"url":"https:\/\/adearlimousin.com\/wp-content\/uploads\/2023\/07\/cropped-fleur-lisse-contour.png","type":"image\/png"}],"twitter_card":"summary_large_image","twitter_image":"https:\/\/adearlimousin.com\/wp-content\/uploads\/2023\/07\/cropped-fleur-lisse-contour.png","twitter_misc":{"Dur\u00e9e de lecture estim\u00e9e":"3 minutes"},"schema":{"@context":"https:\/\/schema.org","@graph":[{"@type":"WebPage","@id":"https:\/\/adearlimousin.com\/index.php\/ou-vendre-vos-produits-ou-acheter\/","url":"https:\/\/adearlimousin.com\/index.php\/ou-vendre-vos-produits-ou-acheter\/","name":"O\u00f9 vendre vos produits ? O\u00f9 acheter aux producteurs ? - ADEAR Limousin","isPartOf":{"@id":"https:\/\/adearlimousin.com\/#website"},"primaryImageOfPage":{"@id":"https:\/\/adearlimousin.com\/index.php\/ou-vendre-vos-produits-ou-acheter\/#primaryimage"},"image":{"@id":"https:\/\/adearlimousin.com\/index.php\/ou-vendre-vos-produits-ou-acheter\/#primaryimage"},"thumbnailUrl":"https:\/\/adearlimousin.com\/wp-content\/uploads\/2017\/04\/z1TOyk3w-1024x549.png","datePublished":"2020-03-27T14:30:08+00:00","dateModified":"2024-02-28T15:17:05+00:00","description":"Je cherche \u00e0 vendre mes produits ou \u00e0 acheter des produits locaux en Limousin ou Nouvelle Aquitaine ? Cette page est faites pour vous !","breadcrumb":{"@id":"https:\/\/adearlimousin.com\/index.php\/ou-vendre-vos-produits-ou-acheter\/#breadcrumb"},"inLanguage":"fr-FR","potentialAction":[{"@type":"ReadAction","target":["https:\/\/adearlimousin.com\/index.php\/ou-vendre-vos-produits-ou-acheter\/"]}]},{"@type":"ImageObject","inLanguage":"fr-FR","@id":"https:\/\/adearlimousin.com\/index.php\/ou-vendre-vos-produits-ou-acheter\/#primaryimage","url":"https:\/\/adearlimousin.com\/wp-content\/uploads\/2017\/04\/z1TOyk3w.png","contentUrl":"https:\/\/adearlimousin.com\/wp-content\/uploads\/2017\/04\/z1TOyk3w.png","width":3071,"height":1646},{"@type":"BreadcrumbList","@id":"https:\/\/adearlimousin.com\/index.php\/ou-vendre-vos-produits-ou-acheter\/#breadcrumb","itemListElement":[{"@type":"ListItem","position":1,"name":"Accueil","item":"https:\/\/adearlimousin.com\/"},{"@type":"ListItem","position":2,"name":"O\u00f9 vendre vos produits ? O\u00f9 acheter aux producteurs ?"}]},{"@type":"WebSite","@id":"https:\/\/adearlimousin.com\/#website","url":"https:\/\/adearlimousin.com\/","name":"ADEAR Limousin","description":"\u00catre paysan\u00b7ne en Limousin","publisher":{"@id":"https:\/\/adearlimousin.com\/#organization"},"potentialAction":[{"@type":"SearchAction","target":{"@type":"EntryPoint","urlTemplate":"https:\/\/adearlimousin.com\/?s={search_term_string}"},"query-input":{"@type":"PropertyValueSpecification","valueRequired":true,"valueName":"search_term_string"}}],"inLanguage":"fr-FR"},{"@type":"Organization","@id":"https:\/\/adearlimousin.com\/#organization","name":"Adear Limousin","url":"https:\/\/adearlimousin.com\/","logo":{"@type":"ImageObject","inLanguage":"fr-FR","@id":"https:\/\/adearlimousin.com\/#\/schema\/logo\/image\/","url":"https:\/\/adearlimousin.com\/wp-content\/uploads\/2017\/04\/ADEARLimousin-RAP_V14cm.jpg","contentUrl":"https:\/\/adearlimousin.com\/wp-content\/uploads\/2017\/04\/ADEARLimousin-RAP_V14cm.jpg","width":142,"height":118,"caption":"Adear Limousin"},"image":{"@id":"https:\/\/adearlimousin.com\/#\/schema\/logo\/image\/"},"sameAs":["https:\/\/www.facebook.com\/adearlimousin"]}]}},"uagb_featured_image_src":{"full":false,"thumbnail":false,"medium":false,"medium_large":false,"large":false,"1536x1536":false,"2048x2048":false,"post-thumbnail":false,"sela-hero-thumbnail":false,"sela-page-thumbnail":false,"sela-grid-thumbnail":false,"sela-testimonial-thumbnail":false,"sela-logo":false},"uagb_author_info":{"display_name":"Adearlim","author_link":"https:\/\/adearlimousin.com\/index.php\/author\/admin3869\/"},"uagb_comment_info":0,"uagb_excerpt":"Le march\u00e9 est en constante \u00e9volution et nous tenons \u00e0 rendre accessible le plus possible les points de ventes du territoire sur lequel nous menons nos actions. De ce fait, &hellip; Lire la suite O\u00f9 vendre vos produits ? O\u00f9 acheter aux producteurs ?","jetpack_sharing_enabled":true,"jetpack_shortlink":"https:\/\/wp.me\/P8DPFj-XW","jetpack_likes_enabled":false,"_links":{"self":[{"href":"https:\/\/adearlimousin.com\/index.php\/wp-json\/wp\/v2\/pages\/3716","targetHints":{"allow":["GET"]}}],"collection":[{"href":"https:\/\/adearlimousin.com\/index.php\/wp-json\/wp\/v2\/pages"}],"about":[{"href":"https:\/\/adearlimousin.com\/index.php\/wp-json\/wp\/v2\/types\/page"}],"author":[{"embeddable":true,"href":"https:\/\/adearlimousin.com\/index.php\/wp-json\/wp\/v2\/users\/1"}],"replies":[{"embeddable":true,"href":"https:\/\/adearlimousin.com\/index.php\/wp-json\/wp\/v2\/comments?post=3716"}],"version-history":[{"count":92,"href":"https:\/\/adearlimousin.com\/index.php\/wp-json\/wp\/v2\/pages\/3716\/revisions"}],"predecessor-version":[{"id":7338,"href":"https:\/\/adearlimousin.com\/index.php\/wp-json\/wp\/v2\/pages\/3716\/revisions\/7338"}],"wp:attachment":[{"href":"https:\/\/adearlimousin.com\/index.php\/wp-json\/wp\/v2\/media?parent=3716"}],"curies":[{"name":"wp","href":"https:\/\/api.w.org\/{rel}","templated":true}]}}