{"id":413,"date":"2016-09-28T10:37:36","date_gmt":"2016-09-28T08:37:36","guid":{"rendered":"https:\/\/ardearlimousin.wordpress.com\/?page_id=11"},"modified":"2023-08-01T12:57:18","modified_gmt":"2023-08-01T10:57:18","slug":"adear-limousin","status":"publish","type":"page","link":"https:\/\/adearlimousin.com\/index.php\/adear-limousin\/","title":{"rendered":"ADEAR Limousin"},"content":{"rendered":"<p><strong>ADEAR Limousin \u00ab Pour des paysans nombreux dans des campagnes vivantes \u00bb<\/strong><\/p>\n<p><strong>Qui sommes-nous&nbsp;?&nbsp;<\/strong><\/p>\n<p><img loading=\"lazy\" decoding=\"async\" class=\" wp-image-833 aligncenter\" src=\"http:\/\/ardearlimousin.com\/wp-content\/uploads\/2016\/09\/ADEARLimousin-RAP_V2-page001-300x105.jpg\" alt=\"\" width=\"257\" height=\"90\" srcset=\"https:\/\/adearlimousin.com\/wp-content\/uploads\/2016\/09\/ADEARLimousin-RAP_V2-page001-300x105.jpg 300w, https:\/\/adearlimousin.com\/wp-content\/uploads\/2016\/09\/ADEARLimousin-RAP_V2-page001-768x269.jpg 768w, https:\/\/adearlimousin.com\/wp-content\/uploads\/2016\/09\/ADEARLimousin-RAP_V2-page001-600x210.jpg 600w, https:\/\/adearlimousin.com\/wp-content\/uploads\/2016\/09\/ADEARLimousin-RAP_V2-page001.jpg 833w\" sizes=\"auto, (max-width: 257px) 100vw, 257px\" \/><\/p>\n<p style=\"text-align: justify;\">L\u2019ADEAR Limousin est une association loi 1901, cr\u00e9\u00e9e en 1991 \u00e0 l\u2019initiative de paysans d\u00e9fendant une agriculture plus respectueuse du travail et du r\u00f4le des paysans, des attentes de la soci\u00e9t\u00e9 et de l\u2019environnement.<br>L\u2019ADEAR Limousin regroupe des paysans, porteurs de projets et citoyens autour de la volont\u00e9 de promouvoir une agriculture paysanne r\u00e9pondant aux exigences du d\u00e9veloppement durable.<br>Ses membres se sont fix\u00e9s pour mission principale d\u2019appuyer toutes les initiatives en faveur de l\u2019emploi agricole et rural en Limousin.<br>L\u2019ADEAR Limousin est l\u2019organisme de formation et de d\u00e9veloppement de la <em><span style=\"color: #ff6600;\"><a style=\"color: #ff6600;\" href=\"http:\/\/www.confederation-paysanne-limousin.org\" target=\"_blank\" rel=\"noopener noreferrer\">Conf\u00e9d\u00e9ration Paysanne Limousin<\/a><\/span><\/em><\/p>\n\n\n<hr class=\"wp-block-separator has-text-color has-alpha-channel-opacity has-background is-style-wide\" style=\"background-color:#bdcd00;color:#bdcd00\"\/>\n\n\n\n<div class=\"wp-block-uagb-image aligncenter uagb-block-3654c576 wp-block-uagb-image--layout-default wp-block-uagb-image--effect-static wp-block-uagb-image--align-center\"><figure class=\"wp-block-uagb-image__figure\"><a class=\"\" href=\"https:\/\/adearlimousin.com\/index.php\/installation-agriculture-limousin\/\" target=\"_blank\" rel=\"Installation paysanne noopener\"><img decoding=\"async\" srcset=\"https:\/\/adearlimousin.com\/wp-content\/uploads\/2023\/07\/Copie-de-presentation-AdearLim2022-724x1024.png \" sizes=\"auto, (max-width: 480px) 150px\" src=\"https:\/\/adearlimousin.com\/wp-content\/uploads\/2023\/07\/Copie-de-presentation-AdearLim2022-724x1024.png\" alt=\"\" class=\"uag-image-7133\" width=\"724\" height=\"1024\" title=\"\" loading=\"lazy\"\/><\/a><\/figure><\/div>\n\n\n\n<p>En plus de ses missions propres, l\u2019ADEAR Limousin est membre du <a href=\"http:\/\/www.agriculture-durable-limousin.org\">r\u00e9seau InPACT<\/a><\/p>\n\n\n\n<h3 class=\"wp-block-heading\">Nous contacter:<\/h3>\n\n\n\n<p>ADEAR Limousin<br>SAFRAN<br>2 av Georges Guingouin<br>CS 80912 Panazol<br>87&nbsp;017 Limoges Cedex<\/p>\n\n\n\n<p>Tel : 05 87 50 41 03<br>M\u00e9l : contact (at) adearlimousin . com<\/p>\n","protected":false},"excerpt":{"rendered":"<p>ADEAR Limousin \u00ab Pour des paysans nombreux dans des campagnes vivantes \u00bb Qui sommes-nous&nbsp;?&nbsp; L\u2019ADEAR Limousin est une association loi 1901, cr\u00e9\u00e9e en 1991 \u00e0 l\u2019initiative de paysans d\u00e9fendant une &hellip; <a href=\"https:\/\/adearlimousin.com\/index.php\/adear-limousin\/\" class=\"more-link\">Lire la suite <span class=\"screen-reader-text\">ADEAR Limousin<\/span><\/a><\/p>\n","protected":false},"author":1,"featured_media":0,"parent":0,"menu_order":0,"comment_status":"closed","ping_status":"closed","template":"","meta":{"_uag_custom_page_level_css":"","_EventAllDay":false,"_EventTimezone":"","_EventStartDate":"","_EventEndDate":"","_EventStartDateUTC":"","_EventEndDateUTC":"","_EventShowMap":false,"_EventShowMapLink":false,"_EventURL":"","_EventCost":"","_EventCostDescription":"","_EventCurrencySymbol":"","_EventCurrencyCode":"","_EventCurrencyPosition":"","_EventDateTimeSeparator":"","_EventTimeRangeSeparator":"","_EventOrganizerID":[],"_EventVenueID":[],"_OrganizerEmail":"","_OrganizerPhone":"","_OrganizerWebsite":"","_VenueAddress":"","_VenueCity":"","_VenueCountry":"","_VenueProvince":"","_VenueState":"","_VenueZip":"","_VenuePhone":"","_VenueURL":"","_VenueStateProvince":"","_VenueLat":"","_VenueLng":"","_VenueShowMap":false,"_VenueShowMapLink":false,"footnotes":""},"class_list":["post-413","page","type-page","status-publish","hentry","without-featured-image"],"yoast_head":"<!-- This site is optimized with the Yoast SEO plugin v27.1.1 - https:\/\/yoast.com\/product\/yoast-seo-wordpress\/ -->\n<title>Qui sommes-nous? ADEAR Limousin - ADEAR Limousin<\/title>\n<meta name=\"description\" content=\"Favoriser l\u2019installation, l&#039;acc\u00e8s au foncier et la transmission par de l\u2019accompagnement de porteurs de projet et de paysans.\" \/>\n<meta name=\"robots\" content=\"index, follow, max-snippet:-1, max-image-preview:large, max-video-preview:-1\" \/>\n<link rel=\"canonical\" href=\"https:\/\/adearlimousin.com\/index.php\/adear-limousin\/\" \/>\n<meta property=\"og:locale\" content=\"fr_FR\" \/>\n<meta property=\"og:type\" content=\"article\" \/>\n<meta property=\"og:title\" content=\"Qui sommes-nous? ADEAR Limousin - ADEAR Limousin\" \/>\n<meta property=\"og:description\" content=\"Favoriser l\u2019installation, l&#039;acc\u00e8s au foncier et la transmission par de l\u2019accompagnement de porteurs de projet et de paysans.\" \/>\n<meta property=\"og:url\" content=\"https:\/\/adearlimousin.com\/index.php\/adear-limousin\/\" \/>\n<meta property=\"og:site_name\" content=\"ADEAR Limousin\" \/>\n<meta property=\"article:publisher\" content=\"https:\/\/www.facebook.com\/adearlimousin\" \/>\n<meta property=\"article:modified_time\" content=\"2023-08-01T10:57:18+00:00\" \/>\n<meta property=\"og:image\" content=\"http:\/\/ardearlimousin.com\/wp-content\/uploads\/2016\/09\/ADEARLimousin-RAP_V2-page001-300x105.jpg\" \/>\n<meta name=\"twitter:card\" content=\"summary_large_image\" \/>\n<meta name=\"twitter:label1\" content=\"Dur\u00e9e de lecture estim\u00e9e\" \/>\n\t<meta name=\"twitter:data1\" content=\"2 minutes\" \/>\n<script type=\"application\/ld+json\" class=\"yoast-schema-graph\">{\"@context\":\"https:\/\/schema.org\",\"@graph\":[{\"@type\":\"WebPage\",\"@id\":\"https:\/\/adearlimousin.com\/index.php\/adear-limousin\/\",\"url\":\"https:\/\/adearlimousin.com\/index.php\/adear-limousin\/\",\"name\":\"Qui sommes-nous? ADEAR Limousin - ADEAR Limousin\",\"isPartOf\":{\"@id\":\"https:\/\/adearlimousin.com\/#website\"},\"primaryImageOfPage\":{\"@id\":\"https:\/\/adearlimousin.com\/index.php\/adear-limousin\/#primaryimage\"},\"image\":{\"@id\":\"https:\/\/adearlimousin.com\/index.php\/adear-limousin\/#primaryimage\"},\"thumbnailUrl\":\"http:\/\/ardearlimousin.com\/wp-content\/uploads\/2016\/09\/ADEARLimousin-RAP_V2-page001-300x105.jpg\",\"datePublished\":\"2016-09-28T08:37:36+00:00\",\"dateModified\":\"2023-08-01T10:57:18+00:00\",\"description\":\"Favoriser l\u2019installation, l'acc\u00e8s au foncier et la transmission par de l\u2019accompagnement de porteurs de projet et de paysans.\",\"breadcrumb\":{\"@id\":\"https:\/\/adearlimousin.com\/index.php\/adear-limousin\/#breadcrumb\"},\"inLanguage\":\"fr-FR\",\"potentialAction\":[{\"@type\":\"ReadAction\",\"target\":[\"https:\/\/adearlimousin.com\/index.php\/adear-limousin\/\"]}]},{\"@type\":\"ImageObject\",\"inLanguage\":\"fr-FR\",\"@id\":\"https:\/\/adearlimousin.com\/index.php\/adear-limousin\/#primaryimage\",\"url\":\"http:\/\/ardearlimousin.com\/wp-content\/uploads\/2016\/09\/ADEARLimousin-RAP_V2-page001-300x105.jpg\",\"contentUrl\":\"http:\/\/ardearlimousin.com\/wp-content\/uploads\/2016\/09\/ADEARLimousin-RAP_V2-page001-300x105.jpg\"},{\"@type\":\"BreadcrumbList\",\"@id\":\"https:\/\/adearlimousin.com\/index.php\/adear-limousin\/#breadcrumb\",\"itemListElement\":[{\"@type\":\"ListItem\",\"position\":1,\"name\":\"Accueil\",\"item\":\"https:\/\/adearlimousin.com\/\"},{\"@type\":\"ListItem\",\"position\":2,\"name\":\"ADEAR Limousin\"}]},{\"@type\":\"WebSite\",\"@id\":\"https:\/\/adearlimousin.com\/#website\",\"url\":\"https:\/\/adearlimousin.com\/\",\"name\":\"ADEAR Limousin\",\"description\":\"\u00catre paysan\u00b7ne en Limousin\",\"publisher\":{\"@id\":\"https:\/\/adearlimousin.com\/#organization\"},\"potentialAction\":[{\"@type\":\"SearchAction\",\"target\":{\"@type\":\"EntryPoint\",\"urlTemplate\":\"https:\/\/adearlimousin.com\/?s={search_term_string}\"},\"query-input\":{\"@type\":\"PropertyValueSpecification\",\"valueRequired\":true,\"valueName\":\"search_term_string\"}}],\"inLanguage\":\"fr-FR\"},{\"@type\":\"Organization\",\"@id\":\"https:\/\/adearlimousin.com\/#organization\",\"name\":\"Adear Limousin\",\"url\":\"https:\/\/adearlimousin.com\/\",\"logo\":{\"@type\":\"ImageObject\",\"inLanguage\":\"fr-FR\",\"@id\":\"https:\/\/adearlimousin.com\/#\/schema\/logo\/image\/\",\"url\":\"https:\/\/adearlimousin.com\/wp-content\/uploads\/2017\/04\/ADEARLimousin-RAP_V14cm.jpg\",\"contentUrl\":\"https:\/\/adearlimousin.com\/wp-content\/uploads\/2017\/04\/ADEARLimousin-RAP_V14cm.jpg\",\"width\":142,\"height\":118,\"caption\":\"Adear Limousin\"},\"image\":{\"@id\":\"https:\/\/adearlimousin.com\/#\/schema\/logo\/image\/\"},\"sameAs\":[\"https:\/\/www.facebook.com\/adearlimousin\"]}]}<\/script>\n<!-- \/ Yoast SEO plugin. -->","yoast_head_json":{"title":"Qui sommes-nous? ADEAR Limousin - ADEAR Limousin","description":"Favoriser l\u2019installation, l'acc\u00e8s au foncier et la transmission par de l\u2019accompagnement de porteurs de projet et de paysans.","robots":{"index":"index","follow":"follow","max-snippet":"max-snippet:-1","max-image-preview":"max-image-preview:large","max-video-preview":"max-video-preview:-1"},"canonical":"https:\/\/adearlimousin.com\/index.php\/adear-limousin\/","og_locale":"fr_FR","og_type":"article","og_title":"Qui sommes-nous? ADEAR Limousin - ADEAR Limousin","og_description":"Favoriser l\u2019installation, l'acc\u00e8s au foncier et la transmission par de l\u2019accompagnement de porteurs de projet et de paysans.","og_url":"https:\/\/adearlimousin.com\/index.php\/adear-limousin\/","og_site_name":"ADEAR Limousin","article_publisher":"https:\/\/www.facebook.com\/adearlimousin","article_modified_time":"2023-08-01T10:57:18+00:00","og_image":[{"url":"http:\/\/ardearlimousin.com\/wp-content\/uploads\/2016\/09\/ADEARLimousin-RAP_V2-page001-300x105.jpg","type":"","width":"","height":""}],"twitter_card":"summary_large_image","twitter_misc":{"Dur\u00e9e de lecture estim\u00e9e":"2 minutes"},"schema":{"@context":"https:\/\/schema.org","@graph":[{"@type":"WebPage","@id":"https:\/\/adearlimousin.com\/index.php\/adear-limousin\/","url":"https:\/\/adearlimousin.com\/index.php\/adear-limousin\/","name":"Qui sommes-nous? ADEAR Limousin - ADEAR Limousin","isPartOf":{"@id":"https:\/\/adearlimousin.com\/#website"},"primaryImageOfPage":{"@id":"https:\/\/adearlimousin.com\/index.php\/adear-limousin\/#primaryimage"},"image":{"@id":"https:\/\/adearlimousin.com\/index.php\/adear-limousin\/#primaryimage"},"thumbnailUrl":"http:\/\/ardearlimousin.com\/wp-content\/uploads\/2016\/09\/ADEARLimousin-RAP_V2-page001-300x105.jpg","datePublished":"2016-09-28T08:37:36+00:00","dateModified":"2023-08-01T10:57:18+00:00","description":"Favoriser l\u2019installation, l'acc\u00e8s au foncier et la transmission par de l\u2019accompagnement de porteurs de projet et de paysans.","breadcrumb":{"@id":"https:\/\/adearlimousin.com\/index.php\/adear-limousin\/#breadcrumb"},"inLanguage":"fr-FR","potentialAction":[{"@type":"ReadAction","target":["https:\/\/adearlimousin.com\/index.php\/adear-limousin\/"]}]},{"@type":"ImageObject","inLanguage":"fr-FR","@id":"https:\/\/adearlimousin.com\/index.php\/adear-limousin\/#primaryimage","url":"http:\/\/ardearlimousin.com\/wp-content\/uploads\/2016\/09\/ADEARLimousin-RAP_V2-page001-300x105.jpg","contentUrl":"http:\/\/ardearlimousin.com\/wp-content\/uploads\/2016\/09\/ADEARLimousin-RAP_V2-page001-300x105.jpg"},{"@type":"BreadcrumbList","@id":"https:\/\/adearlimousin.com\/index.php\/adear-limousin\/#breadcrumb","itemListElement":[{"@type":"ListItem","position":1,"name":"Accueil","item":"https:\/\/adearlimousin.com\/"},{"@type":"ListItem","position":2,"name":"ADEAR Limousin"}]},{"@type":"WebSite","@id":"https:\/\/adearlimousin.com\/#website","url":"https:\/\/adearlimousin.com\/","name":"ADEAR Limousin","description":"\u00catre paysan\u00b7ne en Limousin","publisher":{"@id":"https:\/\/adearlimousin.com\/#organization"},"potentialAction":[{"@type":"SearchAction","target":{"@type":"EntryPoint","urlTemplate":"https:\/\/adearlimousin.com\/?s={search_term_string}"},"query-input":{"@type":"PropertyValueSpecification","valueRequired":true,"valueName":"search_term_string"}}],"inLanguage":"fr-FR"},{"@type":"Organization","@id":"https:\/\/adearlimousin.com\/#organization","name":"Adear Limousin","url":"https:\/\/adearlimousin.com\/","logo":{"@type":"ImageObject","inLanguage":"fr-FR","@id":"https:\/\/adearlimousin.com\/#\/schema\/logo\/image\/","url":"https:\/\/adearlimousin.com\/wp-content\/uploads\/2017\/04\/ADEARLimousin-RAP_V14cm.jpg","contentUrl":"https:\/\/adearlimousin.com\/wp-content\/uploads\/2017\/04\/ADEARLimousin-RAP_V14cm.jpg","width":142,"height":118,"caption":"Adear Limousin"},"image":{"@id":"https:\/\/adearlimousin.com\/#\/schema\/logo\/image\/"},"sameAs":["https:\/\/www.facebook.com\/adearlimousin"]}]}},"uagb_featured_image_src":{"full":false,"thumbnail":false,"medium":false,"medium_large":false,"large":false,"1536x1536":false,"2048x2048":false,"post-thumbnail":false,"sela-hero-thumbnail":false,"sela-page-thumbnail":false,"sela-grid-thumbnail":false,"sela-testimonial-thumbnail":false,"sela-logo":false},"uagb_author_info":{"display_name":"Adearlim","author_link":"https:\/\/adearlimousin.com\/index.php\/author\/admin3869\/"},"uagb_comment_info":0,"uagb_excerpt":"ADEAR Limousin \u00ab Pour des paysans nombreux dans des campagnes vivantes \u00bb Qui sommes-nous&nbsp;?&nbsp; L\u2019ADEAR Limousin est une association loi 1901, cr\u00e9\u00e9e en 1991 \u00e0 l\u2019initiative de paysans d\u00e9fendant une &hellip; Lire la suite ADEAR Limousin","jetpack_sharing_enabled":true,"jetpack_shortlink":"https:\/\/wp.me\/P8DPFj-6F","jetpack_likes_enabled":false,"_links":{"self":[{"href":"https:\/\/adearlimousin.com\/index.php\/wp-json\/wp\/v2\/pages\/413","targetHints":{"allow":["GET"]}}],"collection":[{"href":"https:\/\/adearlimousin.com\/index.php\/wp-json\/wp\/v2\/pages"}],"about":[{"href":"https:\/\/adearlimousin.com\/index.php\/wp-json\/wp\/v2\/types\/page"}],"author":[{"embeddable":true,"href":"https:\/\/adearlimousin.com\/index.php\/wp-json\/wp\/v2\/users\/1"}],"replies":[{"embeddable":true,"href":"https:\/\/adearlimousin.com\/index.php\/wp-json\/wp\/v2\/comments?post=413"}],"version-history":[{"count":32,"href":"https:\/\/adearlimousin.com\/index.php\/wp-json\/wp\/v2\/pages\/413\/revisions"}],"predecessor-version":[{"id":7141,"href":"https:\/\/adearlimousin.com\/index.php\/wp-json\/wp\/v2\/pages\/413\/revisions\/7141"}],"wp:attachment":[{"href":"https:\/\/adearlimousin.com\/index.php\/wp-json\/wp\/v2\/media?parent=413"}],"curies":[{"name":"wp","href":"https:\/\/api.w.org\/{rel}","templated":true}]}}