{"id":6124,"date":"2022-02-14T10:43:29","date_gmt":"2022-02-14T09:43:29","guid":{"rendered":"https:\/\/adearlimousin.com\/?page_id=6124"},"modified":"2024-08-28T17:35:12","modified_gmt":"2024-08-28T15:35:12","slug":"financer-sa-formation","status":"publish","type":"page","link":"https:\/\/adearlimousin.com\/index.php\/financer-sa-formation\/","title":{"rendered":"Financer sa formation"},"content":{"rendered":"\n<h2 class=\"wp-block-heading\">C&rsquo;est tr\u00e8s simple&#8230;.<\/h2>\n\n\n\n<p>1 . <strong>Remplissez le bulletin<\/strong> de demande d&rsquo;inscription que vous pouvez <a href=\"https:\/\/adearlimousin.com\/wp-content\/uploads\/2024\/08\/Bulletin_inscription_formation.pdf\">t\u00e9l\u00e9charger<\/a>.<br>2 . <strong>Retournez le bulletin renseign\u00e9<\/strong>, par email ou par la poste, aux coordonn\u00e9es pr\u00e9sentes dans le bulletin.<br>3. L&rsquo;animatrice responsable de la formation prendra contact avec vous.<\/p>\n\n\n\n<p class=\"has-text-align-center\"><strong>Un nombre minimum de stagiaire est n\u00e9cessaire pour ouvrir une formation, nous vous invitons donc \u00e0 vous inscrire le plus t\u00f4t possible.<\/strong><\/p>\n\n\n\n<p>L&rsquo;inscription d\u00e9finitive sera effective \u00e0 r\u00e9ception du ch\u00e8que de caution.<\/p>\n\n\n\n<p>Nos conditions g\u00e9n\u00e9rales de services sont accessible en <a href=\"https:\/\/adearlimousin.com\/wp-content\/uploads\/2024\/08\/CGS-ADEAR-Limousin.pdf\">t\u00e9l\u00e9chargement ici<\/a>.<\/p>\n\n\n\n<p>L&rsquo;ADEAR Limousin se r\u00e9serve la possibilit\u00e9 d&rsquo;annuler une formation au cas o\u00f9 le nombre d&rsquo;inscrits serait insuffisant ou si les organismes financeurs de formations ne donnaient pas leur accord concernant le financement pr\u00e9vu.<\/p>\n\n\n\n<p>Vous recevrez une convocation en formation par email, une semaine avant le d\u00e9but de la formation<\/p>\n\n\n\n<p>A l&rsquo;issue de la formation, vous recevrez une attestation de fin de formation<\/p>\n\n\n\n<h2 class=\"wp-block-heading\"> <strong>Modalit\u00e9s de financement<\/strong> <\/h2>\n\n\n\n<p>A partir de janvier 2022, les formations sont trait\u00e9es administrativement par l&rsquo;ARDEAR Nouvelle-Aquitaine, cela <strong>ne change en rien votre prise en charge<\/strong>. <br>Pensez \u00e0 l&rsquo;indiquer \u00e0 votre conseiller r\u00e9f\u00e9rent France travail le cas \u00e9ch\u00e9ant.<\/p>\n\n\n\n<figure class=\"wp-block-image size-large\"><img loading=\"lazy\" decoding=\"async\" width=\"1024\" height=\"292\" src=\"https:\/\/adearlimousin.com\/wp-content\/uploads\/2023\/01\/Logos-Financeurs-Formations-21-x-6-cm-1024x292.png\" alt=\"\" class=\"wp-image-6771\" srcset=\"https:\/\/adearlimousin.com\/wp-content\/uploads\/2023\/01\/Logos-Financeurs-Formations-21-x-6-cm-1024x292.png 1024w, https:\/\/adearlimousin.com\/wp-content\/uploads\/2023\/01\/Logos-Financeurs-Formations-21-x-6-cm-300x86.png 300w, https:\/\/adearlimousin.com\/wp-content\/uploads\/2023\/01\/Logos-Financeurs-Formations-21-x-6-cm-768x219.png 768w, https:\/\/adearlimousin.com\/wp-content\/uploads\/2023\/01\/Logos-Financeurs-Formations-21-x-6-cm-1536x439.png 1536w, https:\/\/adearlimousin.com\/wp-content\/uploads\/2023\/01\/Logos-Financeurs-Formations-21-x-6-cm-1180x337.png 1180w, https:\/\/adearlimousin.com\/wp-content\/uploads\/2023\/01\/Logos-Financeurs-Formations-21-x-6-cm-1320x377.png 1320w, https:\/\/adearlimousin.com\/wp-content\/uploads\/2023\/01\/Logos-Financeurs-Formations-21-x-6-cm.png 2000w\" sizes=\"auto, (max-width: 1024px) 100vw, 1024px\" \/><\/figure>\n\n\n\n<h2 class=\"wp-block-heading\"> Agriculteur, Agricultrice <\/h2>\n\n\n\n<h3 class=\"wp-block-heading\">VIVEA<\/h3>\n\n\n\n<p>Vous \u00eates <strong>install\u00e9\u00b7e\u00b7s \u00e0 titre principal<\/strong>, le fonds de formation <strong>Viv\u00e9a <\/strong>finance votre formation.<br>V\u00e9rifiez <strong>votre solde de cr\u00e9dit formation<\/strong> <a href=\"https:\/\/vivea.fr\/ressources\/contributeur-comment-connaitre-le-montant-du-credit-disponible-sur-mon-compte\/\" target=\"_blank\" rel=\"noreferrer noopener\">en cliquant ici<\/a>.<\/p>\n\n\n\n<h3 class=\"wp-block-heading\">CPF<\/h3>\n\n\n\n<p>Chaque paysan\u00b7ne actif contributeur \u00e0 VIVEA au-del\u00e0 de son solde de 3 000\u20ac annuel, dispose d\u2019un compte CPF, au m\u00eame titre que les salari\u00e9\u00b7e\u00b7s, qui est abond\u00e9 de 500 euros par an jusqu\u2019\u00e0 5\u00a0000\u20ac.<br>Il lui suffit de cr\u00e9er son compte en allant sur <a href=\"https:\/\/www.moncompteformation.gouv.fr\/espace-prive\/html\/\" target=\"_blank\" rel=\"noreferrer noopener\">moncompteformation.gouv.fr<\/a><\/p>\n\n\n\n<h2 class=\"wp-block-heading\">Cotisant\u00b7e Solidaire <\/h2>\n\n\n\n<h3 class=\"wp-block-heading\">VIVEA<\/h3>\n\n\n\n<p>Votre droit \u00e0 la formation VIVEA d\u00e9pend de votre revenu.<br>Votre financement par VIVEA est soumis \u00e0 une condition\u00a0: <strong>votre revenu doit \u00eatre sup\u00e9rieur \u00e0 305\u20ac<\/strong>, c\u2019est-\u00e0-dire que votre chiffre d&rsquo;affaires doit \u00eatre au minimum de 2 346 \u20ac car en dessous de ce seuil la cotisation VIVEA n\u2019est pas due et vous ne pouvez donc pas b\u00e9n\u00e9ficier de la prise en charge par VIVEA.<br>V\u00e9rifiez votre droit \u00e0 la formation aupr\u00e8s de la MSA en demandant une <a href=\"https:\/\/aide.msa.fr\/lfp\/demader-mes-attestations-professionnelles\" target=\"_blank\" rel=\"noreferrer noopener\">Attestation de R\u00e9gularit\u00e9 de Situation au Regard du Fonds d&rsquo;Assurance Formation Viv\u00e9a<\/a>.<br>Vous pouvez aussi v\u00e9rifier sur <a href=\"https:\/\/vivea.fr\/ressources\/contributeur-comment-connaitre-le-montant-du-credit-disponible-sur-mon-compte\/\">votre compte extranet Viv\u00e9a<\/a>.<\/p>\n\n\n\n<p>Peut-\u00eatre avez-vous cotis\u00e9 sur votre <strong>CPF<\/strong> (Compte Personnel de Formation) ? V\u00e9rifiez directement <a href=\"https:\/\/www.moncompteformation.gouv.fr\/espace-prive\/html\/#\/\">en ligne ici<\/a>.<\/p>\n\n\n\n<h2 class=\"wp-block-heading\">Salari\u00e9\u00b7e Agricole<\/h2>\n\n\n\n<p>Votre employeur\u00b7euse cotise tr\u00e8s certainement au fonds de formation professionnel OCAPIAT. Contactez-nous et transmettez nous les coordonn\u00e9es de votre employeur\u00b7euse apr\u00e8s lui avoir parl\u00e9 de la formation qui vous int\u00e9resse !<\/p>\n\n\n\n<h2 class=\"wp-block-heading\">Porteur, Porteuse de projet (dit \u00ab\u00a0en cours d&rsquo;installation\u00a0\u00bb) <\/h2>\n\n\n\n<h3 class=\"wp-block-heading\">CPF, pour les formations \u00e0 la cr\u00e9ation d&rsquo;entreprise<\/h3>\n\n\n\n<p>V\u00e9rifier le montant de votre <strong>CPF<\/strong> (Compte Personnel de Formation) directement <a href=\"https:\/\/www.moncompteformation.gouv.fr\/espace-prive\/html\/#\/\">en ligne ici<\/a>.<br>Depuis mai 2024, la loi pr\u00e9voit que toute personne non-demandeuse d&#8217;emploi souhaitant s&rsquo;inscrire \u00e0 une formation via son CPF aura une participation forfaitaire de 100\u20ac.<\/p>\n\n\n\n<p><a href=\"https:\/\/www.service-public.fr\/particuliers\/actualites\/A17364\">Suis-je concern\u00e9\u00b7e par cette participation forfaitaire ?<\/a><\/p>\n\n\n\n<h3 class=\"wp-block-heading\">France Travail<\/h3>\n\n\n\n<p>Si vous \u00eates suivi dans le cadre d&rsquo;une cr\u00e9ation d&rsquo;activit\u00e9s, certaines conditions sont \u00e0 remplir. Rapprochez-vous de votre conseiller\u00b7e France Travail pour conna\u00eetre vos droits \u00e0 la formation.<\/p>\n\n\n\n<h3 class=\"wp-block-heading\">VIVEA<\/h3>\n\n\n\n<p>Certaines formations peuvent \u00eatre prises en charge par VIVEA, elles doivent apparaitre sur votre <a href=\"https:\/\/mesdemarches.agriculture.gouv.fr\/demarches\/exploitation-agricole\/creer-ou-ceder-une-exploitation\/article\/preparer-son-installation-en-562\" target=\"_blank\" rel=\"noreferrer noopener\">PPP<\/a> (Plan de Professionnalisation Personnalis\u00e9). Rapprochez-vous de la responsable de formation mentionn\u00e9e sur le flyers de formation.<\/p>\n\n\n\n<h5 class=\"wp-block-heading\"> Conditions de prises en charge Viv\u00e9a<\/h5>\n\n\n\n<p>Retrouvez le d\u00e9tail de la prise en charge sur le <a href=\"https:\/\/vivea.fr\/chef-dentreprise-agricole\/contributeur-installation-en-agriculture-createurs-dentreprise\/\" target=\"_blank\" rel=\"noreferrer noopener\">site du Viv\u00e9a<\/a>.<br>Une <a href=\"https:\/\/adearlimousin.com\/wp-content\/uploads\/2022\/02\/Criteres-de-financement-des-formations-pour-les-PPP.pdf\" target=\"_blank\" rel=\"noreferrer noopener\">fiche r\u00e9capitulative<\/a> est \u00e0 votre disposition.<\/p>\n\n\n\n<h5 class=\"wp-block-heading\"> Documents n\u00e9cessaires, 1\u00e8re ann\u00e9e de PPP<\/h5>\n\n\n\n<p>Tous ces documents doivent nous \u00eatre transmis <span style=\"text-decoration: underline;\"><strong>avant la formation<\/strong><\/span>, ils sont d\u00e9livr\u00e9s par le Conseiller PPP lors\/apr\u00e8s le 2nd rendez-vous PPP en PAIT :<br>1 &#8211; L\u2019<strong>original<\/strong> de l\u2019<em>Attestation des conditions d\u2019\u00e9ligibilit\u00e9 au financement de VIVEA pour les cr\u00e9ateurs ou repreneurs d\u2019exploitation agricole<\/em> d\u00e9livr\u00e9 par le&nbsp; CEPPP sign\u00e9 et tamponn\u00e9 par le CEPPP<br>2 &#8211; L\u2019<strong>original sign\u00e9 <\/strong>du formulaire <em>Engagement du cr\u00e9ateur ou repreneur d\u2019exploitation agricole<\/em><br>3 &#8211; La <strong>copie<\/strong> du <em>PPP sign\u00e9<\/em> des 2 conseillers et du cr\u00e9ateur ou repreneur d\u2019exploitation agricole<br>4 &#8211; La <strong>copie d\u2019\u00e9cran<\/strong> du <em>CPF<\/em> (Compte Personnel de Formation).<\/p>\n\n\n\n<h5 class=\"wp-block-heading\"> Documents n\u00e9cessaires, 2\u00e8me et 3\u00e8me ann\u00e9e de PPP<\/h5>\n\n\n\n<p>1 &#8211; Copie de votre attestation de renouvellement des conditions d\u2019\u00e9ligibilit\u00e9 au financement de VIVEA pour les cr\u00e9ateurs et repreneurs d\u2019exploitation agricole d\u00e9livr\u00e9e par votre CEPP, sign\u00e9e, tamponn\u00e9e et dat\u00e9e de l\u2019ann\u00e9e en cours<\/p>\n\n\n\n<h2 class=\"wp-block-heading\"> Conditions G\u00e9n\u00e9rales de Service <\/h2>\n\n\n\n<p>Retrouvez nos <strong>Conditions G\u00e9n\u00e9rales<\/strong> de <strong>Service <\/strong><a href=\"https:\/\/adearlimousin.com\/wp-content\/uploads\/2024\/08\/CGS-ADEAR-Limousin.pdf\">dans ce document.<\/a><br>Nous sommes \u00e0 votre \u00e9coute pour toutes questions.<\/p>\n\n\n\n<p><\/p>\n","protected":false},"excerpt":{"rendered":"<p>C&rsquo;est tr\u00e8s simple&#8230;. 1 . Remplissez le bulletin de demande d&rsquo;inscription que vous pouvez t\u00e9l\u00e9charger.2 . Retournez le bulletin renseign\u00e9, par email ou par la poste, aux coordonn\u00e9es pr\u00e9sentes dans &hellip; <a href=\"https:\/\/adearlimousin.com\/index.php\/financer-sa-formation\/\" class=\"more-link\">Lire la suite <span class=\"screen-reader-text\">Financer sa formation<\/span><\/a><\/p>\n","protected":false},"author":1,"featured_media":0,"parent":0,"menu_order":0,"comment_status":"closed","ping_status":"closed","template":"","meta":{"_uag_custom_page_level_css":"","_EventAllDay":false,"_EventTimezone":"","_EventStartDate":"","_EventEndDate":"","_EventStartDateUTC":"","_EventEndDateUTC":"","_EventShowMap":false,"_EventShowMapLink":false,"_EventURL":"","_EventCost":"","_EventCostDescription":"","_EventCurrencySymbol":"","_EventCurrencyCode":"","_EventCurrencyPosition":"","_EventDateTimeSeparator":"","_EventTimeRangeSeparator":"","_EventOrganizerID":[],"_EventVenueID":[],"_OrganizerEmail":"","_OrganizerPhone":"","_OrganizerWebsite":"","_VenueAddress":"","_VenueCity":"","_VenueCountry":"","_VenueProvince":"","_VenueState":"","_VenueZip":"","_VenuePhone":"","_VenueURL":"","_VenueStateProvince":"","_VenueLat":"","_VenueLng":"","_VenueShowMap":false,"_VenueShowMapLink":false,"footnotes":""},"class_list":["post-6124","page","type-page","status-publish","hentry","without-featured-image"],"yoast_head":"<!-- This site is optimized with the Yoast SEO plugin v27.1.1 - https:\/\/yoast.com\/product\/yoast-seo-wordpress\/ -->\n<title>Financer sa formation - ADEAR Limousin<\/title>\n<meta name=\"robots\" content=\"index, follow, max-snippet:-1, max-image-preview:large, max-video-preview:-1\" \/>\n<link rel=\"canonical\" href=\"https:\/\/adearlimousin.com\/index.php\/financer-sa-formation\/\" \/>\n<meta property=\"og:locale\" content=\"fr_FR\" \/>\n<meta property=\"og:type\" content=\"article\" \/>\n<meta property=\"og:title\" content=\"Financer sa formation - ADEAR Limousin\" \/>\n<meta property=\"og:description\" content=\"C&rsquo;est tr\u00e8s simple&#8230;. 1 . Remplissez le bulletin de demande d&rsquo;inscription que vous pouvez t\u00e9l\u00e9charger.2 . Retournez le bulletin renseign\u00e9, par email ou par la poste, aux coordonn\u00e9es pr\u00e9sentes dans &hellip; Lire la suite Financer sa formation\" \/>\n<meta property=\"og:url\" content=\"https:\/\/adearlimousin.com\/index.php\/financer-sa-formation\/\" \/>\n<meta property=\"og:site_name\" content=\"ADEAR Limousin\" \/>\n<meta property=\"article:publisher\" content=\"https:\/\/www.facebook.com\/adearlimousin\" \/>\n<meta property=\"article:modified_time\" content=\"2024-08-28T15:35:12+00:00\" \/>\n<meta property=\"og:image\" content=\"https:\/\/adearlimousin.com\/wp-content\/uploads\/2023\/01\/Logos-Financeurs-Formations-21-x-6-cm-1024x292.png\" \/>\n<meta name=\"twitter:card\" content=\"summary_large_image\" \/>\n<meta name=\"twitter:label1\" content=\"Dur\u00e9e de lecture estim\u00e9e\" \/>\n\t<meta name=\"twitter:data1\" content=\"4 minutes\" \/>\n<script type=\"application\/ld+json\" class=\"yoast-schema-graph\">{\"@context\":\"https:\/\/schema.org\",\"@graph\":[{\"@type\":\"WebPage\",\"@id\":\"https:\/\/adearlimousin.com\/index.php\/financer-sa-formation\/\",\"url\":\"https:\/\/adearlimousin.com\/index.php\/financer-sa-formation\/\",\"name\":\"Financer sa formation - ADEAR Limousin\",\"isPartOf\":{\"@id\":\"https:\/\/adearlimousin.com\/#website\"},\"primaryImageOfPage\":{\"@id\":\"https:\/\/adearlimousin.com\/index.php\/financer-sa-formation\/#primaryimage\"},\"image\":{\"@id\":\"https:\/\/adearlimousin.com\/index.php\/financer-sa-formation\/#primaryimage\"},\"thumbnailUrl\":\"https:\/\/adearlimousin.com\/wp-content\/uploads\/2023\/01\/Logos-Financeurs-Formations-21-x-6-cm-1024x292.png\",\"datePublished\":\"2022-02-14T09:43:29+00:00\",\"dateModified\":\"2024-08-28T15:35:12+00:00\",\"breadcrumb\":{\"@id\":\"https:\/\/adearlimousin.com\/index.php\/financer-sa-formation\/#breadcrumb\"},\"inLanguage\":\"fr-FR\",\"potentialAction\":[{\"@type\":\"ReadAction\",\"target\":[\"https:\/\/adearlimousin.com\/index.php\/financer-sa-formation\/\"]}]},{\"@type\":\"ImageObject\",\"inLanguage\":\"fr-FR\",\"@id\":\"https:\/\/adearlimousin.com\/index.php\/financer-sa-formation\/#primaryimage\",\"url\":\"https:\/\/adearlimousin.com\/wp-content\/uploads\/2023\/01\/Logos-Financeurs-Formations-21-x-6-cm.png\",\"contentUrl\":\"https:\/\/adearlimousin.com\/wp-content\/uploads\/2023\/01\/Logos-Financeurs-Formations-21-x-6-cm.png\",\"width\":2000,\"height\":571},{\"@type\":\"BreadcrumbList\",\"@id\":\"https:\/\/adearlimousin.com\/index.php\/financer-sa-formation\/#breadcrumb\",\"itemListElement\":[{\"@type\":\"ListItem\",\"position\":1,\"name\":\"Accueil\",\"item\":\"https:\/\/adearlimousin.com\/\"},{\"@type\":\"ListItem\",\"position\":2,\"name\":\"Financer sa formation\"}]},{\"@type\":\"WebSite\",\"@id\":\"https:\/\/adearlimousin.com\/#website\",\"url\":\"https:\/\/adearlimousin.com\/\",\"name\":\"ADEAR Limousin\",\"description\":\"\u00catre paysan\u00b7ne en Limousin\",\"publisher\":{\"@id\":\"https:\/\/adearlimousin.com\/#organization\"},\"potentialAction\":[{\"@type\":\"SearchAction\",\"target\":{\"@type\":\"EntryPoint\",\"urlTemplate\":\"https:\/\/adearlimousin.com\/?s={search_term_string}\"},\"query-input\":{\"@type\":\"PropertyValueSpecification\",\"valueRequired\":true,\"valueName\":\"search_term_string\"}}],\"inLanguage\":\"fr-FR\"},{\"@type\":\"Organization\",\"@id\":\"https:\/\/adearlimousin.com\/#organization\",\"name\":\"Adear Limousin\",\"url\":\"https:\/\/adearlimousin.com\/\",\"logo\":{\"@type\":\"ImageObject\",\"inLanguage\":\"fr-FR\",\"@id\":\"https:\/\/adearlimousin.com\/#\/schema\/logo\/image\/\",\"url\":\"https:\/\/adearlimousin.com\/wp-content\/uploads\/2017\/04\/ADEARLimousin-RAP_V14cm.jpg\",\"contentUrl\":\"https:\/\/adearlimousin.com\/wp-content\/uploads\/2017\/04\/ADEARLimousin-RAP_V14cm.jpg\",\"width\":142,\"height\":118,\"caption\":\"Adear Limousin\"},\"image\":{\"@id\":\"https:\/\/adearlimousin.com\/#\/schema\/logo\/image\/\"},\"sameAs\":[\"https:\/\/www.facebook.com\/adearlimousin\"]}]}<\/script>\n<!-- \/ Yoast SEO plugin. -->","yoast_head_json":{"title":"Financer sa formation - ADEAR Limousin","robots":{"index":"index","follow":"follow","max-snippet":"max-snippet:-1","max-image-preview":"max-image-preview:large","max-video-preview":"max-video-preview:-1"},"canonical":"https:\/\/adearlimousin.com\/index.php\/financer-sa-formation\/","og_locale":"fr_FR","og_type":"article","og_title":"Financer sa formation - ADEAR Limousin","og_description":"C&rsquo;est tr\u00e8s simple&#8230;. 1 . Remplissez le bulletin de demande d&rsquo;inscription que vous pouvez t\u00e9l\u00e9charger.2 . Retournez le bulletin renseign\u00e9, par email ou par la poste, aux coordonn\u00e9es pr\u00e9sentes dans &hellip; Lire la suite Financer sa formation","og_url":"https:\/\/adearlimousin.com\/index.php\/financer-sa-formation\/","og_site_name":"ADEAR Limousin","article_publisher":"https:\/\/www.facebook.com\/adearlimousin","article_modified_time":"2024-08-28T15:35:12+00:00","og_image":[{"url":"https:\/\/adearlimousin.com\/wp-content\/uploads\/2023\/01\/Logos-Financeurs-Formations-21-x-6-cm-1024x292.png","type":"","width":"","height":""}],"twitter_card":"summary_large_image","twitter_misc":{"Dur\u00e9e de lecture estim\u00e9e":"4 minutes"},"schema":{"@context":"https:\/\/schema.org","@graph":[{"@type":"WebPage","@id":"https:\/\/adearlimousin.com\/index.php\/financer-sa-formation\/","url":"https:\/\/adearlimousin.com\/index.php\/financer-sa-formation\/","name":"Financer sa formation - ADEAR Limousin","isPartOf":{"@id":"https:\/\/adearlimousin.com\/#website"},"primaryImageOfPage":{"@id":"https:\/\/adearlimousin.com\/index.php\/financer-sa-formation\/#primaryimage"},"image":{"@id":"https:\/\/adearlimousin.com\/index.php\/financer-sa-formation\/#primaryimage"},"thumbnailUrl":"https:\/\/adearlimousin.com\/wp-content\/uploads\/2023\/01\/Logos-Financeurs-Formations-21-x-6-cm-1024x292.png","datePublished":"2022-02-14T09:43:29+00:00","dateModified":"2024-08-28T15:35:12+00:00","breadcrumb":{"@id":"https:\/\/adearlimousin.com\/index.php\/financer-sa-formation\/#breadcrumb"},"inLanguage":"fr-FR","potentialAction":[{"@type":"ReadAction","target":["https:\/\/adearlimousin.com\/index.php\/financer-sa-formation\/"]}]},{"@type":"ImageObject","inLanguage":"fr-FR","@id":"https:\/\/adearlimousin.com\/index.php\/financer-sa-formation\/#primaryimage","url":"https:\/\/adearlimousin.com\/wp-content\/uploads\/2023\/01\/Logos-Financeurs-Formations-21-x-6-cm.png","contentUrl":"https:\/\/adearlimousin.com\/wp-content\/uploads\/2023\/01\/Logos-Financeurs-Formations-21-x-6-cm.png","width":2000,"height":571},{"@type":"BreadcrumbList","@id":"https:\/\/adearlimousin.com\/index.php\/financer-sa-formation\/#breadcrumb","itemListElement":[{"@type":"ListItem","position":1,"name":"Accueil","item":"https:\/\/adearlimousin.com\/"},{"@type":"ListItem","position":2,"name":"Financer sa formation"}]},{"@type":"WebSite","@id":"https:\/\/adearlimousin.com\/#website","url":"https:\/\/adearlimousin.com\/","name":"ADEAR Limousin","description":"\u00catre paysan\u00b7ne en Limousin","publisher":{"@id":"https:\/\/adearlimousin.com\/#organization"},"potentialAction":[{"@type":"SearchAction","target":{"@type":"EntryPoint","urlTemplate":"https:\/\/adearlimousin.com\/?s={search_term_string}"},"query-input":{"@type":"PropertyValueSpecification","valueRequired":true,"valueName":"search_term_string"}}],"inLanguage":"fr-FR"},{"@type":"Organization","@id":"https:\/\/adearlimousin.com\/#organization","name":"Adear Limousin","url":"https:\/\/adearlimousin.com\/","logo":{"@type":"ImageObject","inLanguage":"fr-FR","@id":"https:\/\/adearlimousin.com\/#\/schema\/logo\/image\/","url":"https:\/\/adearlimousin.com\/wp-content\/uploads\/2017\/04\/ADEARLimousin-RAP_V14cm.jpg","contentUrl":"https:\/\/adearlimousin.com\/wp-content\/uploads\/2017\/04\/ADEARLimousin-RAP_V14cm.jpg","width":142,"height":118,"caption":"Adear Limousin"},"image":{"@id":"https:\/\/adearlimousin.com\/#\/schema\/logo\/image\/"},"sameAs":["https:\/\/www.facebook.com\/adearlimousin"]}]}},"uagb_featured_image_src":{"full":false,"thumbnail":false,"medium":false,"medium_large":false,"large":false,"1536x1536":false,"2048x2048":false,"post-thumbnail":false,"sela-hero-thumbnail":false,"sela-page-thumbnail":false,"sela-grid-thumbnail":false,"sela-testimonial-thumbnail":false,"sela-logo":false},"uagb_author_info":{"display_name":"Adearlim","author_link":"https:\/\/adearlimousin.com\/index.php\/author\/admin3869\/"},"uagb_comment_info":0,"uagb_excerpt":"C&rsquo;est tr\u00e8s simple&#8230;. 1 . Remplissez le bulletin de demande d&rsquo;inscription que vous pouvez t\u00e9l\u00e9charger.2 . Retournez le bulletin renseign\u00e9, par email ou par la poste, aux coordonn\u00e9es pr\u00e9sentes dans &hellip; Lire la suite Financer sa formation","jetpack_sharing_enabled":true,"jetpack_shortlink":"https:\/\/wp.me\/P8DPFj-1AM","jetpack_likes_enabled":false,"_links":{"self":[{"href":"https:\/\/adearlimousin.com\/index.php\/wp-json\/wp\/v2\/pages\/6124","targetHints":{"allow":["GET"]}}],"collection":[{"href":"https:\/\/adearlimousin.com\/index.php\/wp-json\/wp\/v2\/pages"}],"about":[{"href":"https:\/\/adearlimousin.com\/index.php\/wp-json\/wp\/v2\/types\/page"}],"author":[{"embeddable":true,"href":"https:\/\/adearlimousin.com\/index.php\/wp-json\/wp\/v2\/users\/1"}],"replies":[{"embeddable":true,"href":"https:\/\/adearlimousin.com\/index.php\/wp-json\/wp\/v2\/comments?post=6124"}],"version-history":[{"count":20,"href":"https:\/\/adearlimousin.com\/index.php\/wp-json\/wp\/v2\/pages\/6124\/revisions"}],"predecessor-version":[{"id":7653,"href":"https:\/\/adearlimousin.com\/index.php\/wp-json\/wp\/v2\/pages\/6124\/revisions\/7653"}],"wp:attachment":[{"href":"https:\/\/adearlimousin.com\/index.php\/wp-json\/wp\/v2\/media?parent=6124"}],"curies":[{"name":"wp","href":"https:\/\/api.w.org\/{rel}","templated":true}]}}