{"id":6582,"date":"2022-10-04T12:00:39","date_gmt":"2022-10-04T10:00:39","guid":{"rendered":"https:\/\/adearlimousin.com\/?page_id=6582"},"modified":"2026-03-13T11:34:52","modified_gmt":"2026-03-13T10:34:52","slug":"pack-murir-son-projet","status":"publish","type":"page","link":"https:\/\/adearlimousin.com\/index.php\/installation-agriculture-limousin\/rencontres-collectives\/pack-murir-son-projet\/","title":{"rendered":"Id\u00e9O&rsquo;Projet"},"content":{"rendered":"\n<figure class=\"wp-block-image size-large\"><img loading=\"lazy\" decoding=\"async\" width=\"1024\" height=\"512\" src=\"https:\/\/adearlimousin.com\/wp-content\/uploads\/2024\/09\/banniere-1024x512.png\" alt=\"\" class=\"wp-image-7712\" srcset=\"https:\/\/adearlimousin.com\/wp-content\/uploads\/2024\/09\/banniere-1024x512.png 1024w, https:\/\/adearlimousin.com\/wp-content\/uploads\/2024\/09\/banniere-300x150.png 300w, https:\/\/adearlimousin.com\/wp-content\/uploads\/2024\/09\/banniere-768x384.png 768w\" sizes=\"auto, (max-width: 1024px) 100vw, 1024px\" \/><\/figure>\n\n\n\n<p>Id\u00e9O Projet c&rsquo;est notre accompagnement collectif sp\u00e9cial pour r\u00e9fl\u00e9chir \u00e0 son projet. <br>J&rsquo;ai un projet en agriculture mais je ne sais pas par o\u00f9 commencer ? Cette formation est faite pour moi !<br><br>Financ\u00e9e par Limoges M\u00e9tropole et la fondation 1% For the Planet cette formation est accessible <mark style=\"background-color:rgba(0, 0, 0, 0);color:#8bb212\" class=\"has-inline-color\"><strong>gratuitement<\/strong><\/mark>.<br>Les places sont limit\u00e9es.<br><br>\ud83d\udd38 <strong><span style=\"text-decoration: underline;\">C&rsquo;est quoi<\/span><\/strong> \u2753<br>Une formation de 7 jours pour avancer petit \u00e0 petit sur son projet d&rsquo;installation en agriculture, poser ses objectifs et ses envies, se poser toutes les questions avant de s&rsquo;installer. Nos m\u00e9thodes sont bas\u00e9es sur des m\u00e9thodes d&rsquo;\u00e9ducation populaire : se servir du collectif pour renforcer son projet, avoir un retour constructif sur son projet et plus encore !<br><br>\ud83d\udd38 <strong><span style=\"text-decoration: underline;\">C&rsquo;est quand<\/span><\/strong> \u2753<\/p>\n\n\n\n<p>&#8211; Jeudi 28 et Vendredi 29\/05\/2026 <br>&#8211; Jeudi 4 et Vendredi 5\/06\/2026 <br>&#8211; Jeudi 18 et Vendredi 19\/06\/2026 <br>&#8211; Vendredi 26\/06\/2026<\/p>\n\n\n\n<p><span style=\"text-decoration: underline;\">Le programme :<\/span><br>Jours 1 et 2 : Poser les bases de mon projet, mes objectifs<br>Jour 3 : Visite de ferme &#8211; Qu&rsquo;est-ce que l&rsquo;agriculture paysanne ?<br>Jour 4 : S&rsquo;ancrer sur le territoire, acc\u00e9der au foncier<br>Jours 5 et 6 : Structurer son projet : les bases de son chiffrage, de ses statuts, des financements<br>Jour 7 : Pr\u00e9sentation du projet et repas partager pour la cl\u00f4ture de la formation !<\/p>\n\n\n\n<p>\ud83d\udd38 <strong><span style=\"text-decoration: underline;\">C&rsquo;est o\u00f9<\/span><\/strong> \u2753<br>A Limoges au Safran.<br><br>\ud83d\udd38 <strong><span style=\"text-decoration: underline;\">Qu&rsquo;est-ce qu&rsquo;on y fait<\/span><\/strong> \u2753<br>On d\u00e9finit mieux son projet, on travaille ses objectifs et la m\u00e9thodologie de commercialisation, on pose ses premiers chiffres, on comprend les financements et on travaille sur les valeurs du projet !<\/p>\n\n\n\n<p>Possibilit\u00e9 de stage.<br><br>\ud83d\udd38 <strong><span style=\"text-decoration: underline;\">Vous souhaitez en savoir plus<\/span><\/strong>\u2753 <br>Posez vos questions lors de nos Rendez-vous de l&rsquo;installation ! Les dates sont disponibles via l&rsquo;onglet \u00ab\u00a0RDVI\u00a0\u00bb <strong><a href=\"https:\/\/adearlimousin.com\/index.php\/installation-agriculture-limousin\/les-rdv-installation-paysanne\/\" target=\"_blank\" rel=\"noreferrer noopener\">ici<\/a>.<\/strong><br><br>Inscription : contact@adearlimousin.com <br><em><br>Projet soutenu par <\/em>:<\/p>\n\n\n\n<div class=\"wp-block-group is-nowrap is-layout-flex wp-container-core-group-is-layout-ad2f72ca wp-block-group-is-layout-flex\">\n<div class=\"wp-block-columns is-layout-flex wp-container-core-columns-is-layout-9d6595d7 wp-block-columns-is-layout-flex\">\n<div class=\"wp-block-column is-layout-flow wp-block-column-is-layout-flow\" style=\"flex-basis:100%\"><\/div>\n<\/div>\n\n\n\n<div class=\"wp-block-columns is-layout-flex wp-container-core-columns-is-layout-9d6595d7 wp-block-columns-is-layout-flex\">\n<div class=\"wp-block-column is-layout-flow wp-block-column-is-layout-flow\"><\/div>\n\n\n\n<div class=\"wp-block-column is-layout-flow wp-block-column-is-layout-flow\"><\/div>\n<\/div>\n\n\n\n<div class=\"wp-block-columns is-layout-flex wp-container-core-columns-is-layout-9d6595d7 wp-block-columns-is-layout-flex\">\n<div class=\"wp-block-column is-layout-flow wp-block-column-is-layout-flow\">\n<div class=\"wp-block-uagb-image uagb-block-782dc6fe wp-block-uagb-image--layout-default wp-block-uagb-image--effect-static wp-block-uagb-image--align-none\"><figure class=\"wp-block-uagb-image__figure\"><img decoding=\"async\" srcset=\"https:\/\/adearlimousin.com\/wp-content\/uploads\/2023\/06\/2021-23_LimogesAgglo.png ,https:\/\/adearlimousin.com\/wp-content\/uploads\/2023\/06\/2021-23_LimogesAgglo.png 780w, https:\/\/adearlimousin.com\/wp-content\/uploads\/2023\/06\/2021-23_LimogesAgglo.png 360w\" sizes=\"auto, (max-width: 480px) 150px\" src=\"https:\/\/adearlimousin.com\/wp-content\/uploads\/2023\/06\/2021-23_LimogesAgglo.png\" alt=\"\" class=\"uag-image-6922\" width=\"587\" height=\"218\" title=\"2021-23_LimogesAgglo\" loading=\"lazy\" role=\"img\"\/><\/figure><\/div>\n<\/div>\n\n\n\n<div class=\"wp-block-column is-layout-flow wp-block-column-is-layout-flow\">\n<div class=\"wp-block-uagb-image uagb-block-3866f9a4 wp-block-uagb-image--layout-default wp-block-uagb-image--effect-static wp-block-uagb-image--align-none\"><figure class=\"wp-block-uagb-image__figure\"><img decoding=\"async\" srcset=\"https:\/\/adearlimousin.com\/wp-content\/uploads\/2025\/05\/logo_fi-ideo2025v2.png ,https:\/\/adearlimousin.com\/wp-content\/uploads\/2025\/05\/logo_fi-ideo2025v2.png 780w, https:\/\/adearlimousin.com\/wp-content\/uploads\/2025\/05\/logo_fi-ideo2025v2.png 360w\" sizes=\"auto, (max-width: 480px) 150px\" src=\"https:\/\/adearlimousin.com\/wp-content\/uploads\/2025\/05\/logo_fi-ideo2025v2.png\" alt=\"\" class=\"uag-image-8207\" width=\"147\" height=\"110\" title=\"logo_fi-id\u00e9o2025v2\" loading=\"lazy\" role=\"img\"\/><\/figure><\/div>\n<\/div>\n<\/div>\n<\/div>\n\n\n\n<hr class=\"wp-block-separator has-alpha-channel-opacity\"\/>\n\n\n\n<div class=\"wp-block-columns is-layout-flex wp-container-core-columns-is-layout-9d6595d7 wp-block-columns-is-layout-flex\">\n<div class=\"wp-block-column is-layout-flow wp-block-column-is-layout-flow\">\n<p>Flyer en <a href=\"https:\/\/adearlimousin.com\/wp-content\/uploads\/2026\/03\/Flyer-IdeoProjet-juin-2026.pdf\" target=\"_blank\" rel=\"noreferrer noopener\">pdf<\/a><\/p>\n<\/div>\n\n\n\n<div class=\"wp-block-column is-layout-flow wp-block-column-is-layout-flow\">\n<p>Flyer version image &#8211; <a href=\"https:\/\/adearlimousin.com\/wp-content\/uploads\/2025\/06\/Flyer-recto-IdeO2025.jpg\" target=\"_blank\" rel=\"noreferrer noopener\">recto<\/a><\/p>\n<\/div>\n\n\n\n<div class=\"wp-block-column is-layout-flow wp-block-column-is-layout-flow\">\n<p>Flyer version image &#8211; verso<\/p>\n<\/div>\n<\/div>\n\n\n\n<div class=\"wp-block-columns is-layout-flex wp-container-core-columns-is-layout-9d6595d7 wp-block-columns-is-layout-flex\">\n<div class=\"wp-block-column is-layout-flow wp-block-column-is-layout-flow\">\n<div data-wp-interactive=\"core\/file\" class=\"wp-block-file\"><object data-wp-bind--hidden=\"!state.hasPdfPreview\" hidden class=\"wp-block-file__embed\" data=\"https:\/\/adearlimousin.com\/wp-content\/uploads\/2026\/03\/Flyer-IdeoProjet-juin-2026-1.pdf\" type=\"application\/pdf\" style=\"width:100%;height:600px\" aria-label=\"Contenu embarqu\u00e9 Flyer Id\u00e9oProjet juin 2026.\"><\/object><a id=\"wp-block-file--media-181f23b1-a695-4485-9ea6-a779bfe66328\" href=\"https:\/\/adearlimousin.com\/wp-content\/uploads\/2026\/03\/Flyer-IdeoProjet-juin-2026-1.pdf\">Flyer Id\u00e9oProjet juin 2026<\/a><a href=\"https:\/\/adearlimousin.com\/wp-content\/uploads\/2026\/03\/Flyer-IdeoProjet-juin-2026-1.pdf\" class=\"wp-block-file__button wp-element-button\" download aria-describedby=\"wp-block-file--media-181f23b1-a695-4485-9ea6-a779bfe66328\">T\u00e9l\u00e9charger<\/a><\/div>\n<\/div>\n\n\n\n<div class=\"wp-block-column is-layout-flow wp-block-column-is-layout-flow\">\n<figure class=\"wp-block-image size-large\"><img loading=\"lazy\" decoding=\"async\" width=\"724\" height=\"1024\" src=\"https:\/\/adearlimousin.com\/wp-content\/uploads\/2026\/03\/Flyer-recto-724x1024.png\" alt=\"\" class=\"wp-image-8663\" srcset=\"https:\/\/adearlimousin.com\/wp-content\/uploads\/2026\/03\/Flyer-recto-724x1024.png 724w, https:\/\/adearlimousin.com\/wp-content\/uploads\/2026\/03\/Flyer-recto-212x300.png 212w, https:\/\/adearlimousin.com\/wp-content\/uploads\/2026\/03\/Flyer-recto-768x1086.png 768w, https:\/\/adearlimousin.com\/wp-content\/uploads\/2026\/03\/Flyer-recto-1086x1536.png 1086w, https:\/\/adearlimousin.com\/wp-content\/uploads\/2026\/03\/Flyer-recto-269x380.png 269w, https:\/\/adearlimousin.com\/wp-content\/uploads\/2026\/03\/Flyer-recto.png 1414w\" sizes=\"auto, (max-width: 724px) 100vw, 724px\" \/><\/figure>\n<\/div>\n\n\n\n<div class=\"wp-block-column is-layout-flow wp-block-column-is-layout-flow\">\n<figure class=\"wp-block-image size-large\"><img loading=\"lazy\" decoding=\"async\" width=\"724\" height=\"1024\" src=\"https:\/\/adearlimousin.com\/wp-content\/uploads\/2026\/03\/Flyer-verso-724x1024.png\" alt=\"\" class=\"wp-image-8662\" srcset=\"https:\/\/adearlimousin.com\/wp-content\/uploads\/2026\/03\/Flyer-verso-724x1024.png 724w, https:\/\/adearlimousin.com\/wp-content\/uploads\/2026\/03\/Flyer-verso-212x300.png 212w, https:\/\/adearlimousin.com\/wp-content\/uploads\/2026\/03\/Flyer-verso-768x1086.png 768w, https:\/\/adearlimousin.com\/wp-content\/uploads\/2026\/03\/Flyer-verso-1086x1536.png 1086w, https:\/\/adearlimousin.com\/wp-content\/uploads\/2026\/03\/Flyer-verso-269x380.png 269w, https:\/\/adearlimousin.com\/wp-content\/uploads\/2026\/03\/Flyer-verso.png 1414w\" sizes=\"auto, (max-width: 724px) 100vw, 724px\" \/><\/figure>\n<\/div>\n<\/div>\n","protected":false},"excerpt":{"rendered":"<p>Id\u00e9O Projet c&rsquo;est notre accompagnement collectif sp\u00e9cial pour r\u00e9fl\u00e9chir \u00e0 son projet. J&rsquo;ai un projet en agriculture mais je ne sais pas par o\u00f9 commencer ? Cette formation est faite &hellip; <a href=\"https:\/\/adearlimousin.com\/index.php\/installation-agriculture-limousin\/rencontres-collectives\/pack-murir-son-projet\/\" class=\"more-link\">Lire la suite <span class=\"screen-reader-text\">Id\u00e9O&rsquo;Projet<\/span><\/a><\/p>\n","protected":false},"author":1,"featured_media":0,"parent":1278,"menu_order":0,"comment_status":"closed","ping_status":"closed","template":"","meta":{"_uag_custom_page_level_css":"","_EventAllDay":false,"_EventTimezone":"","_EventStartDate":"","_EventEndDate":"","_EventStartDateUTC":"","_EventEndDateUTC":"","_EventShowMap":false,"_EventShowMapLink":false,"_EventURL":"","_EventCost":"","_EventCostDescription":"","_EventCurrencySymbol":"","_EventCurrencyCode":"","_EventCurrencyPosition":"","_EventDateTimeSeparator":"","_EventTimeRangeSeparator":"","_EventOrganizerID":[],"_EventVenueID":[],"_OrganizerEmail":"","_OrganizerPhone":"","_OrganizerWebsite":"","_VenueAddress":"","_VenueCity":"","_VenueCountry":"","_VenueProvince":"","_VenueState":"","_VenueZip":"","_VenuePhone":"","_VenueURL":"","_VenueStateProvince":"","_VenueLat":"","_VenueLng":"","_VenueShowMap":false,"_VenueShowMapLink":false,"footnotes":""},"class_list":["post-6582","page","type-page","status-publish","hentry","without-featured-image"],"yoast_head":"<!-- This site is optimized with the Yoast SEO plugin v27.1.1 - https:\/\/yoast.com\/product\/yoast-seo-wordpress\/ -->\n<title>Id\u00e9O&#039;Projet - ADEAR Limousin<\/title>\n<meta name=\"description\" content=\"J&#039;ai un projet en agriculture mais je ne sais pas par o\u00f9 commencer ? de l&#039;id\u00e9e au projet est une formation de 7 jours enti\u00e8rement financ\u00e9e !\" \/>\n<meta name=\"robots\" content=\"index, follow, max-snippet:-1, max-image-preview:large, max-video-preview:-1\" \/>\n<link rel=\"canonical\" href=\"https:\/\/adearlimousin.com\/index.php\/installation-agriculture-limousin\/rencontres-collectives\/pack-murir-son-projet\/\" \/>\n<meta property=\"og:locale\" content=\"fr_FR\" \/>\n<meta property=\"og:type\" content=\"article\" \/>\n<meta property=\"og:title\" content=\"Id\u00e9O&#039;Projet - ADEAR Limousin\" \/>\n<meta property=\"og:description\" content=\"J&#039;ai un projet en agriculture mais je ne sais pas par o\u00f9 commencer ? de l&#039;id\u00e9e au projet est une formation de 7 jours enti\u00e8rement financ\u00e9e !\" \/>\n<meta property=\"og:url\" content=\"https:\/\/adearlimousin.com\/index.php\/installation-agriculture-limousin\/rencontres-collectives\/pack-murir-son-projet\/\" \/>\n<meta property=\"og:site_name\" content=\"ADEAR Limousin\" \/>\n<meta property=\"article:publisher\" content=\"https:\/\/www.facebook.com\/adearlimousin\" \/>\n<meta property=\"article:modified_time\" content=\"2026-03-13T10:34:52+00:00\" \/>\n<meta property=\"og:image\" content=\"https:\/\/adearlimousin.com\/wp-content\/uploads\/2024\/09\/banniere.png\" \/>\n\t<meta property=\"og:image:width\" content=\"6912\" \/>\n\t<meta property=\"og:image:height\" content=\"3456\" \/>\n\t<meta property=\"og:image:type\" content=\"image\/png\" \/>\n<meta name=\"twitter:card\" content=\"summary_large_image\" \/>\n<meta name=\"twitter:label1\" content=\"Dur\u00e9e de lecture estim\u00e9e\" \/>\n\t<meta name=\"twitter:data1\" content=\"3 minutes\" \/>\n<script type=\"application\/ld+json\" class=\"yoast-schema-graph\">{\"@context\":\"https:\/\/schema.org\",\"@graph\":[{\"@type\":\"WebPage\",\"@id\":\"https:\/\/adearlimousin.com\/index.php\/installation-agriculture-limousin\/rencontres-collectives\/pack-murir-son-projet\/\",\"url\":\"https:\/\/adearlimousin.com\/index.php\/installation-agriculture-limousin\/rencontres-collectives\/pack-murir-son-projet\/\",\"name\":\"Id\u00e9O'Projet - ADEAR Limousin\",\"isPartOf\":{\"@id\":\"https:\/\/adearlimousin.com\/#website\"},\"primaryImageOfPage\":{\"@id\":\"https:\/\/adearlimousin.com\/index.php\/installation-agriculture-limousin\/rencontres-collectives\/pack-murir-son-projet\/#primaryimage\"},\"image\":{\"@id\":\"https:\/\/adearlimousin.com\/index.php\/installation-agriculture-limousin\/rencontres-collectives\/pack-murir-son-projet\/#primaryimage\"},\"thumbnailUrl\":\"https:\/\/adearlimousin.com\/wp-content\/uploads\/2024\/09\/banniere-1024x512.png\",\"datePublished\":\"2022-10-04T10:00:39+00:00\",\"dateModified\":\"2026-03-13T10:34:52+00:00\",\"description\":\"J'ai un projet en agriculture mais je ne sais pas par o\u00f9 commencer ? de l'id\u00e9e au projet est une formation de 7 jours enti\u00e8rement financ\u00e9e !\",\"breadcrumb\":{\"@id\":\"https:\/\/adearlimousin.com\/index.php\/installation-agriculture-limousin\/rencontres-collectives\/pack-murir-son-projet\/#breadcrumb\"},\"inLanguage\":\"fr-FR\",\"potentialAction\":[{\"@type\":\"ReadAction\",\"target\":[\"https:\/\/adearlimousin.com\/index.php\/installation-agriculture-limousin\/rencontres-collectives\/pack-murir-son-projet\/\"]}]},{\"@type\":\"ImageObject\",\"inLanguage\":\"fr-FR\",\"@id\":\"https:\/\/adearlimousin.com\/index.php\/installation-agriculture-limousin\/rencontres-collectives\/pack-murir-son-projet\/#primaryimage\",\"url\":\"https:\/\/adearlimousin.com\/wp-content\/uploads\/2024\/09\/banniere.png\",\"contentUrl\":\"https:\/\/adearlimousin.com\/wp-content\/uploads\/2024\/09\/banniere.png\",\"width\":6912,\"height\":3456},{\"@type\":\"BreadcrumbList\",\"@id\":\"https:\/\/adearlimousin.com\/index.php\/installation-agriculture-limousin\/rencontres-collectives\/pack-murir-son-projet\/#breadcrumb\",\"itemListElement\":[{\"@type\":\"ListItem\",\"position\":1,\"name\":\"Accueil\",\"item\":\"https:\/\/adearlimousin.com\/\"},{\"@type\":\"ListItem\",\"position\":2,\"name\":\"S&rsquo;installer paysan\u00b7ne\",\"item\":\"https:\/\/adearlimousin.com\/index.php\/installation-agriculture-limousin\/\"},{\"@type\":\"ListItem\",\"position\":3,\"name\":\"Caf\u00e9s installation-transmission : RDVI et RDVA\",\"item\":\"https:\/\/adearlimousin.com\/index.php\/installation-agriculture-limousin\/rencontres-collectives\/\"},{\"@type\":\"ListItem\",\"position\":4,\"name\":\"Id\u00e9O&rsquo;Projet\"}]},{\"@type\":\"WebSite\",\"@id\":\"https:\/\/adearlimousin.com\/#website\",\"url\":\"https:\/\/adearlimousin.com\/\",\"name\":\"ADEAR Limousin\",\"description\":\"\u00catre paysan\u00b7ne en Limousin\",\"publisher\":{\"@id\":\"https:\/\/adearlimousin.com\/#organization\"},\"potentialAction\":[{\"@type\":\"SearchAction\",\"target\":{\"@type\":\"EntryPoint\",\"urlTemplate\":\"https:\/\/adearlimousin.com\/?s={search_term_string}\"},\"query-input\":{\"@type\":\"PropertyValueSpecification\",\"valueRequired\":true,\"valueName\":\"search_term_string\"}}],\"inLanguage\":\"fr-FR\"},{\"@type\":\"Organization\",\"@id\":\"https:\/\/adearlimousin.com\/#organization\",\"name\":\"Adear Limousin\",\"url\":\"https:\/\/adearlimousin.com\/\",\"logo\":{\"@type\":\"ImageObject\",\"inLanguage\":\"fr-FR\",\"@id\":\"https:\/\/adearlimousin.com\/#\/schema\/logo\/image\/\",\"url\":\"https:\/\/adearlimousin.com\/wp-content\/uploads\/2017\/04\/ADEARLimousin-RAP_V14cm.jpg\",\"contentUrl\":\"https:\/\/adearlimousin.com\/wp-content\/uploads\/2017\/04\/ADEARLimousin-RAP_V14cm.jpg\",\"width\":142,\"height\":118,\"caption\":\"Adear Limousin\"},\"image\":{\"@id\":\"https:\/\/adearlimousin.com\/#\/schema\/logo\/image\/\"},\"sameAs\":[\"https:\/\/www.facebook.com\/adearlimousin\"]}]}<\/script>\n<!-- \/ Yoast SEO plugin. -->","yoast_head_json":{"title":"Id\u00e9O'Projet - ADEAR Limousin","description":"J'ai un projet en agriculture mais je ne sais pas par o\u00f9 commencer ? de l'id\u00e9e au projet est une formation de 7 jours enti\u00e8rement financ\u00e9e !","robots":{"index":"index","follow":"follow","max-snippet":"max-snippet:-1","max-image-preview":"max-image-preview:large","max-video-preview":"max-video-preview:-1"},"canonical":"https:\/\/adearlimousin.com\/index.php\/installation-agriculture-limousin\/rencontres-collectives\/pack-murir-son-projet\/","og_locale":"fr_FR","og_type":"article","og_title":"Id\u00e9O'Projet - ADEAR Limousin","og_description":"J'ai un projet en agriculture mais je ne sais pas par o\u00f9 commencer ? de l'id\u00e9e au projet est une formation de 7 jours enti\u00e8rement financ\u00e9e !","og_url":"https:\/\/adearlimousin.com\/index.php\/installation-agriculture-limousin\/rencontres-collectives\/pack-murir-son-projet\/","og_site_name":"ADEAR Limousin","article_publisher":"https:\/\/www.facebook.com\/adearlimousin","article_modified_time":"2026-03-13T10:34:52+00:00","og_image":[{"width":6912,"height":3456,"url":"https:\/\/adearlimousin.com\/wp-content\/uploads\/2024\/09\/banniere.png","type":"image\/png"}],"twitter_card":"summary_large_image","twitter_misc":{"Dur\u00e9e de lecture estim\u00e9e":"3 minutes"},"schema":{"@context":"https:\/\/schema.org","@graph":[{"@type":"WebPage","@id":"https:\/\/adearlimousin.com\/index.php\/installation-agriculture-limousin\/rencontres-collectives\/pack-murir-son-projet\/","url":"https:\/\/adearlimousin.com\/index.php\/installation-agriculture-limousin\/rencontres-collectives\/pack-murir-son-projet\/","name":"Id\u00e9O'Projet - ADEAR Limousin","isPartOf":{"@id":"https:\/\/adearlimousin.com\/#website"},"primaryImageOfPage":{"@id":"https:\/\/adearlimousin.com\/index.php\/installation-agriculture-limousin\/rencontres-collectives\/pack-murir-son-projet\/#primaryimage"},"image":{"@id":"https:\/\/adearlimousin.com\/index.php\/installation-agriculture-limousin\/rencontres-collectives\/pack-murir-son-projet\/#primaryimage"},"thumbnailUrl":"https:\/\/adearlimousin.com\/wp-content\/uploads\/2024\/09\/banniere-1024x512.png","datePublished":"2022-10-04T10:00:39+00:00","dateModified":"2026-03-13T10:34:52+00:00","description":"J'ai un projet en agriculture mais je ne sais pas par o\u00f9 commencer ? de l'id\u00e9e au projet est une formation de 7 jours enti\u00e8rement financ\u00e9e !","breadcrumb":{"@id":"https:\/\/adearlimousin.com\/index.php\/installation-agriculture-limousin\/rencontres-collectives\/pack-murir-son-projet\/#breadcrumb"},"inLanguage":"fr-FR","potentialAction":[{"@type":"ReadAction","target":["https:\/\/adearlimousin.com\/index.php\/installation-agriculture-limousin\/rencontres-collectives\/pack-murir-son-projet\/"]}]},{"@type":"ImageObject","inLanguage":"fr-FR","@id":"https:\/\/adearlimousin.com\/index.php\/installation-agriculture-limousin\/rencontres-collectives\/pack-murir-son-projet\/#primaryimage","url":"https:\/\/adearlimousin.com\/wp-content\/uploads\/2024\/09\/banniere.png","contentUrl":"https:\/\/adearlimousin.com\/wp-content\/uploads\/2024\/09\/banniere.png","width":6912,"height":3456},{"@type":"BreadcrumbList","@id":"https:\/\/adearlimousin.com\/index.php\/installation-agriculture-limousin\/rencontres-collectives\/pack-murir-son-projet\/#breadcrumb","itemListElement":[{"@type":"ListItem","position":1,"name":"Accueil","item":"https:\/\/adearlimousin.com\/"},{"@type":"ListItem","position":2,"name":"S&rsquo;installer paysan\u00b7ne","item":"https:\/\/adearlimousin.com\/index.php\/installation-agriculture-limousin\/"},{"@type":"ListItem","position":3,"name":"Caf\u00e9s installation-transmission : RDVI et RDVA","item":"https:\/\/adearlimousin.com\/index.php\/installation-agriculture-limousin\/rencontres-collectives\/"},{"@type":"ListItem","position":4,"name":"Id\u00e9O&rsquo;Projet"}]},{"@type":"WebSite","@id":"https:\/\/adearlimousin.com\/#website","url":"https:\/\/adearlimousin.com\/","name":"ADEAR Limousin","description":"\u00catre paysan\u00b7ne en Limousin","publisher":{"@id":"https:\/\/adearlimousin.com\/#organization"},"potentialAction":[{"@type":"SearchAction","target":{"@type":"EntryPoint","urlTemplate":"https:\/\/adearlimousin.com\/?s={search_term_string}"},"query-input":{"@type":"PropertyValueSpecification","valueRequired":true,"valueName":"search_term_string"}}],"inLanguage":"fr-FR"},{"@type":"Organization","@id":"https:\/\/adearlimousin.com\/#organization","name":"Adear Limousin","url":"https:\/\/adearlimousin.com\/","logo":{"@type":"ImageObject","inLanguage":"fr-FR","@id":"https:\/\/adearlimousin.com\/#\/schema\/logo\/image\/","url":"https:\/\/adearlimousin.com\/wp-content\/uploads\/2017\/04\/ADEARLimousin-RAP_V14cm.jpg","contentUrl":"https:\/\/adearlimousin.com\/wp-content\/uploads\/2017\/04\/ADEARLimousin-RAP_V14cm.jpg","width":142,"height":118,"caption":"Adear Limousin"},"image":{"@id":"https:\/\/adearlimousin.com\/#\/schema\/logo\/image\/"},"sameAs":["https:\/\/www.facebook.com\/adearlimousin"]}]}},"uagb_featured_image_src":{"full":false,"thumbnail":false,"medium":false,"medium_large":false,"large":false,"1536x1536":false,"2048x2048":false,"post-thumbnail":false,"sela-hero-thumbnail":false,"sela-page-thumbnail":false,"sela-grid-thumbnail":false,"sela-testimonial-thumbnail":false,"sela-logo":false},"uagb_author_info":{"display_name":"Adearlim","author_link":"https:\/\/adearlimousin.com\/index.php\/author\/admin3869\/"},"uagb_comment_info":0,"uagb_excerpt":"Id\u00e9O Projet c&rsquo;est notre accompagnement collectif sp\u00e9cial pour r\u00e9fl\u00e9chir \u00e0 son projet. J&rsquo;ai un projet en agriculture mais je ne sais pas par o\u00f9 commencer ? Cette formation est faite &hellip; Lire la suite Id\u00e9O&rsquo;Projet","jetpack_sharing_enabled":true,"jetpack_shortlink":"https:\/\/wp.me\/P8DPFj-1Ia","jetpack_likes_enabled":false,"_links":{"self":[{"href":"https:\/\/adearlimousin.com\/index.php\/wp-json\/wp\/v2\/pages\/6582","targetHints":{"allow":["GET"]}}],"collection":[{"href":"https:\/\/adearlimousin.com\/index.php\/wp-json\/wp\/v2\/pages"}],"about":[{"href":"https:\/\/adearlimousin.com\/index.php\/wp-json\/wp\/v2\/types\/page"}],"author":[{"embeddable":true,"href":"https:\/\/adearlimousin.com\/index.php\/wp-json\/wp\/v2\/users\/1"}],"replies":[{"embeddable":true,"href":"https:\/\/adearlimousin.com\/index.php\/wp-json\/wp\/v2\/comments?post=6582"}],"version-history":[{"count":32,"href":"https:\/\/adearlimousin.com\/index.php\/wp-json\/wp\/v2\/pages\/6582\/revisions"}],"predecessor-version":[{"id":8670,"href":"https:\/\/adearlimousin.com\/index.php\/wp-json\/wp\/v2\/pages\/6582\/revisions\/8670"}],"up":[{"embeddable":true,"href":"https:\/\/adearlimousin.com\/index.php\/wp-json\/wp\/v2\/pages\/1278"}],"wp:attachment":[{"href":"https:\/\/adearlimousin.com\/index.php\/wp-json\/wp\/v2\/media?parent=6582"}],"curies":[{"name":"wp","href":"https:\/\/api.w.org\/{rel}","templated":true}]}}